Last updated on 2025-10-25 05:50:05 CEST.
| Flavor | Version | Tinstall | Tcheck | Ttotal | Status | Flags |
|---|---|---|---|---|---|---|
| r-devel-linux-x86_64-debian-clang | 1.1.1 | 35.12 | 30.12 | 65.24 | OK | |
| r-devel-linux-x86_64-debian-gcc | 1.1.1 | 26.30 | 29.01 | 55.31 | OK | |
| r-devel-linux-x86_64-fedora-clang | 1.1.1 | 203.00 | -86.45 | 116.55 | OK | |
| r-devel-linux-x86_64-fedora-gcc | 1.1.1 | 86.00 | 31.40 | 117.40 | OK | |
| r-devel-windows-x86_64 | 1.1.1 | 42.00 | 74.00 | 116.00 | OK | |
| r-patched-linux-x86_64 | 1.1.1 | 42.08 | 35.20 | 77.28 | OK | |
| r-release-linux-x86_64 | 1.1.1 | 46.14 | 35.29 | 81.43 | OK | |
| r-release-macos-arm64 | 1.1.1 | 16.00 | 18.00 | 34.00 | OK | |
| r-release-macos-x86_64 | 1.1.1 | 40.00 | 28.00 | 68.00 | OK | |
| r-release-windows-x86_64 | 1.1.1 | 44.00 | 72.00 | 116.00 | OK | |
| r-oldrel-macos-arm64 | 1.1.1 | 18.00 | 25.00 | 43.00 | NOTE | |
| r-oldrel-macos-x86_64 | 1.1.1 | 25.00 | 36.00 | 61.00 | NOTE | |
| r-oldrel-windows-x86_64 | 1.1.1 | 54.00 | 87.00 | 141.00 | OK |
Version: 1.1.1
Check: installed package size
Result: NOTE
installed size is 17.0Mb
sub-directories of 1Mb or more:
libs 16.8Mb
Flavors: r-oldrel-macos-arm64, r-oldrel-macos-x86_64