Last updated on 2025-10-26 21:51:06 CET.
| Flavor | Version | Tinstall | Tcheck | Ttotal | Status | Flags |
|---|---|---|---|---|---|---|
| r-devel-linux-x86_64-debian-clang | 0.1.3 | 1.64 | 19.20 | 20.84 | OK | |
| r-devel-linux-x86_64-debian-gcc | 0.1.3 | 1.32 | 16.53 | 17.85 | OK | |
| r-devel-linux-x86_64-fedora-clang | 0.1.3 | 30.15 | OK | |||
| r-devel-linux-x86_64-fedora-gcc | 0.1.3 | 26.80 | OK | |||
| r-devel-windows-x86_64 | 0.1.3 | 3.00 | 38.00 | 41.00 | OK | |
| r-patched-linux-x86_64 | 0.1.3 | 1.77 | 17.06 | 18.83 | OK | |
| r-release-linux-x86_64 | 0.1.3 | 1.46 | 17.17 | 18.63 | OK | |
| r-release-macos-arm64 | 0.1.3 | 1.00 | 14.00 | 15.00 | OK | |
| r-release-macos-x86_64 | 0.1.3 | 2.00 | 20.00 | 22.00 | OK | |
| r-release-windows-x86_64 | 0.1.3 | 2.00 | 39.00 | 41.00 | OK | |
| r-oldrel-macos-arm64 | 0.1.3 | 1.00 | 14.00 | 15.00 | NOTE | |
| r-oldrel-macos-x86_64 | 0.1.3 | 2.00 | 23.00 | 25.00 | NOTE | |
| r-oldrel-windows-x86_64 | 0.1.3 | 4.00 | 41.00 | 45.00 | NOTE |
Version: 0.1.3
Check: LazyData
Result: NOTE
'LazyData' is specified without a 'data' directory
Flavors: r-oldrel-macos-arm64, r-oldrel-macos-x86_64, r-oldrel-windows-x86_64