Last updated on 2025-10-26 09:49:59 CET.
| Flavor | Version | Tinstall | Tcheck | Ttotal | Status | Flags | 
|---|---|---|---|---|---|---|
| r-devel-linux-x86_64-debian-clang | 3.16 | 7.42 | 71.20 | 78.62 | NOTE | |
| r-devel-linux-x86_64-debian-gcc | 3.16 | 6.38 | 52.23 | 58.61 | NOTE | |
| r-devel-linux-x86_64-fedora-clang | 3.16 | 24.00 | 95.93 | 119.93 | OK | |
| r-devel-linux-x86_64-fedora-gcc | 3.16 | 20.00 | 89.31 | 109.31 | OK | |
| r-devel-windows-x86_64 | 3.16 | 10.00 | 83.00 | 93.00 | OK | |
| r-patched-linux-x86_64 | 3.16 | 10.09 | 67.07 | 77.16 | OK | |
| r-release-linux-x86_64 | 3.16 | 8.43 | 67.24 | 75.67 | OK | |
| r-release-macos-arm64 | 3.16 | 5.00 | 34.00 | 39.00 | OK | |
| r-release-macos-x86_64 | 3.16 | 8.00 | 54.00 | 62.00 | OK | |
| r-release-windows-x86_64 | 3.16 | 9.00 | 82.00 | 91.00 | OK | |
| r-oldrel-macos-arm64 | 3.16 | 4.00 | 32.00 | 36.00 | OK | |
| r-oldrel-macos-x86_64 | 3.16 | 6.00 | 46.00 | 52.00 | OK | |
| r-oldrel-windows-x86_64 | 3.16 | 12.00 | 99.00 | 111.00 | OK | 
Version: 3.16
Check: CRAN incoming feasibility
Result: NOTE
  Maintainer: ‘Takeshi Emura <takeshiemura@gmail.com>’
  
  No Authors@R field in DESCRIPTION.
  Please add one, modifying
    Authors@R: person(given = "Takeshi",
                      family = "Emura",
                      role = c("aut", "cre"),
                      email = "takeshiemura@gmail.com")
  as necessary.
Flavors: r-devel-linux-x86_64-debian-clang, r-devel-linux-x86_64-debian-gcc