Last updated on 2025-10-25 13:48:39 CEST.
| Flavor | Version | Tinstall | Tcheck | Ttotal | Status | Flags |
|---|---|---|---|---|---|---|
| r-devel-linux-x86_64-debian-clang | 0.1.0 | 6.88 | 64.93 | 71.81 | OK | |
| r-devel-linux-x86_64-debian-gcc | 0.1.0 | 5.72 | 45.71 | 51.43 | OK | |
| r-devel-linux-x86_64-fedora-clang | 0.1.0 | 27.00 | 83.86 | 110.86 | NOTE | |
| r-devel-linux-x86_64-fedora-gcc | 0.1.0 | 18.00 | 95.16 | 113.16 | NOTE | |
| r-devel-windows-x86_64 | 0.1.0 | 8.00 | 76.00 | 84.00 | OK | |
| r-patched-linux-x86_64 | 0.1.0 | 7.97 | 59.88 | 67.85 | OK | |
| r-release-linux-x86_64 | 0.1.0 | 4.88 | 59.89 | 64.77 | OK | |
| r-release-macos-arm64 | 0.1.0 | 2.00 | 30.00 | 32.00 | OK | |
| r-release-macos-x86_64 | 0.1.0 | 5.00 | 54.00 | 59.00 | OK | |
| r-release-windows-x86_64 | 0.1.0 | 12.00 | 77.00 | 89.00 | OK | |
| r-oldrel-macos-arm64 | 0.1.0 | 3.00 | 28.00 | 31.00 | OK | |
| r-oldrel-macos-x86_64 | 0.1.0 | 4.00 | 48.00 | 52.00 | OK | |
| r-oldrel-windows-x86_64 | 0.1.0 | 13.00 | 95.00 | 108.00 | OK |
Version: 0.1.0
Check: dependencies in R code
Result: NOTE
Namespaces in Imports field not imported from:
‘fBasics’ ‘reshape’ ‘tidyr’ ‘utils’
All declared Imports should be used.
Flavors: r-devel-linux-x86_64-fedora-clang, r-devel-linux-x86_64-fedora-gcc