CRAN Package Check Results for Package itertools2

Last updated on 2025-10-26 01:49:52 CEST.

Flavor Version Tinstall Tcheck Ttotal Status Flags
r-devel-linux-x86_64-debian-clang 0.1.1 2.18 30.30 32.48 NOTE
r-devel-linux-x86_64-debian-gcc 0.1.1 1.85 23.55 25.40 NOTE
r-devel-linux-x86_64-fedora-clang 0.1.1 47.57 OK
r-devel-linux-x86_64-fedora-gcc 0.1.1 41.16 OK
r-devel-windows-x86_64 0.1.1 3.00 53.00 56.00 OK
r-patched-linux-x86_64 0.1.1 2.89 27.83 30.72 OK
r-release-linux-x86_64 0.1.1 2.41 27.29 29.70 OK
r-release-macos-arm64 0.1.1 1.00 15.00 16.00 OK
r-release-macos-x86_64 0.1.1 2.00 28.00 30.00 OK
r-release-windows-x86_64 0.1.1 4.00 53.00 57.00 OK
r-oldrel-macos-arm64 0.1.1 1.00 15.00 16.00 OK
r-oldrel-macos-x86_64 0.1.1 2.00 23.00 25.00 OK
r-oldrel-windows-x86_64 0.1.1 5.00 59.00 64.00 OK

Check Details

Version: 0.1.1
Check: CRAN incoming feasibility
Result: NOTE Maintainer: ‘John A. Ramey <johnramey@gmail.com>’ No Authors@R field in DESCRIPTION. Please add one, modifying Authors@R: c(person(given = c("John", "A."), family = "Ramey", role = c("aut", "cre"), email = "johnramey@gmail.com"), person(given = "Kayla", family = "Schaefer", role = "aut", email = "kschaefer.tx@gmail.com")) as necessary. Flavors: r-devel-linux-x86_64-debian-clang, r-devel-linux-x86_64-debian-gcc