Last updated on 2025-10-26 13:49:58 CET.
| Flavor | Version | Tinstall | Tcheck | Ttotal | Status | Flags |
|---|---|---|---|---|---|---|
| r-devel-linux-x86_64-debian-clang | 1.1 | 6.54 | 56.13 | 62.67 | NOTE | |
| r-devel-linux-x86_64-debian-gcc | 1.1 | 4.35 | 42.09 | 46.44 | NOTE | |
| r-devel-linux-x86_64-fedora-clang | 1.1 | 23.00 | 73.11 | 96.11 | OK | |
| r-devel-linux-x86_64-fedora-gcc | 1.1 | 15.00 | 71.33 | 86.33 | OK | |
| r-devel-windows-x86_64 | 1.1 | 9.00 | 67.00 | 76.00 | OK | |
| r-patched-linux-x86_64 | 1.1 | 6.51 | 53.34 | 59.85 | OK | |
| r-release-linux-x86_64 | 1.1 | 6.21 | 52.92 | 59.13 | OK | |
| r-release-macos-arm64 | 1.1 | 2.00 | 22.00 | 24.00 | OK | |
| r-release-macos-x86_64 | 1.1 | 5.00 | 38.00 | 43.00 | OK | |
| r-release-windows-x86_64 | 1.1 | 8.00 | 68.00 | 76.00 | OK | |
| r-oldrel-macos-arm64 | 1.1 | 2.00 | 23.00 | 25.00 | OK | |
| r-oldrel-macos-x86_64 | 1.1 | 4.00 | 31.00 | 35.00 | OK | |
| r-oldrel-windows-x86_64 | 1.1 | 11.00 | 83.00 | 94.00 | OK |
Version: 1.1
Check: CRAN incoming feasibility
Result: NOTE
Maintainer: ‘Cengiz Zopluoglu <cen.zop@gmail.com>’
No Authors@R field in DESCRIPTION.
Please add one, modifying
Authors@R: person(given = "Cengiz",
family = "Zopluoglu",
role = c("aut", "cre"),
email = "cen.zop@gmail.com")
as necessary.
Flavors: r-devel-linux-x86_64-debian-clang, r-devel-linux-x86_64-debian-gcc