Last updated on 2025-10-25 09:49:33 CEST.
| Flavor | Version | Tinstall | Tcheck | Ttotal | Status | Flags |
|---|---|---|---|---|---|---|
| r-devel-linux-x86_64-debian-clang | 0.6.1-4 | 127.23 | 55.10 | 182.33 | OK | |
| r-devel-linux-x86_64-debian-gcc | 0.6.1-4 | 108.40 | 41.87 | 150.27 | OK | |
| r-devel-linux-x86_64-fedora-clang | 0.6.1-4 | 278.00 | 13.17 | 291.17 | OK | |
| r-devel-linux-x86_64-fedora-gcc | 0.6.1-4 | 244.00 | 119.64 | 363.64 | OK | |
| r-devel-windows-x86_64 | 0.6.1-4 | 122.00 | 90.00 | 212.00 | OK | |
| r-patched-linux-x86_64 | 0.6.1-4 | 146.62 | 52.60 | 199.22 | OK | |
| r-release-linux-x86_64 | 0.6.1-4 | 147.05 | 52.33 | 199.38 | OK | |
| r-release-macos-arm64 | 0.6.1-4 | 43.00 | 31.00 | 74.00 | OK | |
| r-release-macos-x86_64 | 0.6.1-4 | 71.00 | 59.00 | 130.00 | OK | |
| r-release-windows-x86_64 | 0.6.1-4 | 118.00 | 92.00 | 210.00 | OK | |
| r-oldrel-macos-arm64 | 0.6.1-4 | 36.00 | 34.00 | 70.00 | NOTE | |
| r-oldrel-macos-x86_64 | 0.6.1-4 | 109.00 | 102.00 | 211.00 | NOTE | |
| r-oldrel-windows-x86_64 | 0.6.1-4 | 119.00 | 119.00 | 238.00 | OK |
Version: 0.6.1-4
Check: installed package size
Result: NOTE
installed size is 15.5Mb
sub-directories of 1Mb or more:
doc 1.6Mb
libs 13.6Mb
Flavors: r-oldrel-macos-arm64, r-oldrel-macos-x86_64