Last updated on 2025-10-25 17:48:40 CEST.
| Flavor | Version | Tinstall | Tcheck | Ttotal | Status | Flags |
|---|---|---|---|---|---|---|
| r-devel-linux-x86_64-debian-clang | 0.1.1 | 2.05 | 32.48 | 34.53 | NOTE | |
| r-devel-linux-x86_64-debian-gcc | 0.1.1 | 1.53 | 26.46 | 27.99 | NOTE | |
| r-devel-linux-x86_64-fedora-clang | 0.1.1 | 51.23 | OK | |||
| r-devel-linux-x86_64-fedora-gcc | 0.1.1 | 59.93 | OK | |||
| r-devel-windows-x86_64 | 0.1.1 | 4.00 | 56.00 | 60.00 | OK | |
| r-patched-linux-x86_64 | 0.1.1 | 2.21 | 29.95 | 32.16 | OK | |
| r-release-linux-x86_64 | 0.1.1 | 1.97 | 30.25 | 32.22 | OK | |
| r-release-macos-arm64 | 0.1.1 | 1.00 | 25.00 | 26.00 | OK | |
| r-release-macos-x86_64 | 0.1.1 | 2.00 | 44.00 | 46.00 | OK | |
| r-release-windows-x86_64 | 0.1.1 | 3.00 | 56.00 | 59.00 | OK | |
| r-oldrel-macos-arm64 | 0.1.1 | 1.00 | 25.00 | 26.00 | OK | |
| r-oldrel-macos-x86_64 | 0.1.1 | 2.00 | 41.00 | 43.00 | OK | |
| r-oldrel-windows-x86_64 | 0.1.1 | 5.00 | 62.00 | 67.00 | OK |
Version: 0.1.1
Check: CRAN incoming feasibility
Result: NOTE
Maintainer: ‘Justin Mathias <justin.m.mathias@gmail.com>’
No Authors@R field in DESCRIPTION.
Please add one, modifying
Authors@R: person(given = "Justin",
family = "Mathias",
role = c("aut", "cre"),
email = "justin.m.mathias@gmail.com")
as necessary.
Flavors: r-devel-linux-x86_64-debian-clang, r-devel-linux-x86_64-debian-gcc