Last updated on 2025-10-26 05:50:00 CET.
| Flavor | Version | Tinstall | Tcheck | Ttotal | Status | Flags |
|---|---|---|---|---|---|---|
| r-devel-linux-x86_64-debian-clang | 0.3.6 | 3.73 | 36.16 | 39.89 | NOTE | |
| r-devel-linux-x86_64-debian-gcc | 0.3.6 | 3.15 | 27.11 | 30.26 | NOTE | |
| r-devel-linux-x86_64-fedora-clang | 0.3.6 | 11.00 | 50.11 | 61.11 | OK | |
| r-devel-linux-x86_64-fedora-gcc | 0.3.6 | 12.00 | 44.05 | 56.05 | OK | |
| r-devel-windows-x86_64 | 0.3.6 | 7.00 | 57.00 | 64.00 | OK | |
| r-patched-linux-x86_64 | 0.3.6 | 5.37 | 35.05 | 40.42 | OK | |
| r-release-linux-x86_64 | 0.3.6 | 3.97 | 33.99 | 37.96 | OK | |
| r-release-macos-arm64 | 0.3.6 | 3.00 | 23.00 | 26.00 | OK | |
| r-release-macos-x86_64 | 0.3.6 | 5.00 | 32.00 | 37.00 | OK | |
| r-release-windows-x86_64 | 0.3.6 | 7.00 | 58.00 | 65.00 | OK | |
| r-oldrel-macos-arm64 | 0.3.6 | 3.00 | 19.00 | 22.00 | OK | |
| r-oldrel-macos-x86_64 | 0.3.6 | 6.00 | 28.00 | 34.00 | OK | |
| r-oldrel-windows-x86_64 | 0.3.6 | 9.00 | 69.00 | 78.00 | OK |
Version: 0.3.6
Check: CRAN incoming feasibility
Result: NOTE
Maintainer: ‘Gabor Csardi <csardi.gabor@gmail.com>’
No Authors@R field in DESCRIPTION.
Please add one, modifying
Authors@R: person(given = "Gabor",
family = "Csardi",
role = c("aut", "cre"),
email = "csardi.gabor@gmail.com")
as necessary.
Flavors: r-devel-linux-x86_64-debian-clang, r-devel-linux-x86_64-debian-gcc