Last updated on 2025-10-25 13:48:39 CEST.
| Flavor | Version | Tinstall | Tcheck | Ttotal | Status | Flags |
|---|---|---|---|---|---|---|
| r-devel-linux-x86_64-debian-clang | 0.1-1 | 12.35 | 97.11 | 109.46 | NOTE | |
| r-devel-linux-x86_64-debian-gcc | 0.1-1 | 9.01 | 67.29 | 76.30 | NOTE | |
| r-devel-linux-x86_64-fedora-clang | 0.1-1 | 40.00 | 135.17 | 175.17 | OK | |
| r-devel-linux-x86_64-fedora-gcc | 0.1-1 | 64.00 | 114.48 | 178.48 | OK | |
| r-devel-windows-x86_64 | 0.1-1 | 14.00 | 95.00 | 109.00 | OK | |
| r-patched-linux-x86_64 | 0.1-1 | 12.93 | 92.97 | 105.90 | OK | |
| r-release-linux-x86_64 | 0.1-1 | 12.23 | 90.52 | 102.75 | OK | |
| r-release-macos-arm64 | 0.1-1 | 6.00 | 41.00 | 47.00 | OK | |
| r-release-macos-x86_64 | 0.1-1 | 11.00 | 79.00 | 90.00 | OK | |
| r-release-windows-x86_64 | 0.1-1 | 14.00 | 96.00 | 110.00 | OK | |
| r-oldrel-macos-arm64 | 0.1-1 | 5.00 | 35.00 | 40.00 | OK | |
| r-oldrel-macos-x86_64 | 0.1-1 | 8.00 | 60.00 | 68.00 | OK | |
| r-oldrel-windows-x86_64 | 0.1-1 | 19.00 | 122.00 | 141.00 | OK |
Version: 0.1-1
Check: CRAN incoming feasibility
Result: NOTE
Maintainer: ‘Bjorn Andersson <bjoern.h.andersson@gmail.com>’
No Authors@R field in DESCRIPTION.
Please add one, modifying
Authors@R: person(given = "Bjorn",
family = "Andersson",
role = c("aut", "cre"),
email = "bjoern.h.andersson@gmail.com")
as necessary.
Flavors: r-devel-linux-x86_64-debian-clang, r-devel-linux-x86_64-debian-gcc