CRAN Package Check Results for Package irtpwr

Last updated on 2025-10-26 13:49:58 CET.

Flavor Version Tinstall Tcheck Ttotal Status Flags
r-devel-linux-x86_64-debian-clang 1.0.3 4.08 230.59 234.67 NOTE
r-devel-linux-x86_64-debian-gcc 1.0.3 2.59 154.66 157.25 NOTE
r-devel-linux-x86_64-fedora-clang 1.0.3 11.00 373.82 384.82 NOTE
r-devel-linux-x86_64-fedora-gcc 1.0.3 15.00 409.87 424.87 NOTE
r-devel-windows-x86_64 1.0.3 5.00 282.00 287.00 NOTE
r-patched-linux-x86_64 1.0.3 3.14 220.27 223.41 NOTE
r-release-linux-x86_64 1.0.3 3.11 221.12 224.23 NOTE
r-release-macos-arm64 1.0.3 2.00 106.00 108.00 NOTE
r-release-macos-x86_64 1.0.3 3.00 223.00 226.00 NOTE
r-release-windows-x86_64 1.0.3 7.00 272.00 279.00 NOTE
r-oldrel-macos-arm64 1.0.3 2.00 104.00 106.00 OK
r-oldrel-macos-x86_64 1.0.3 3.00 174.00 177.00 OK
r-oldrel-windows-x86_64 1.0.3 9.00 340.00 349.00 OK

Check Details

Version: 1.0.3
Check: DESCRIPTION meta-information
Result: NOTE Missing dependency on R >= 4.1.0 because package code uses the pipe |> or function shorthand \(...) syntax added in R 4.1.0. File(s) using such syntax: ‘calc.pvalues.R’ ‘helper.R’ ‘hypothesis_templates.R’ ‘irtpwr.R’ ‘mml.fit.R’ ‘setup.data.R’ Flavors: r-devel-linux-x86_64-debian-clang, r-devel-linux-x86_64-debian-gcc, r-devel-linux-x86_64-fedora-clang, r-devel-linux-x86_64-fedora-gcc, r-devel-windows-x86_64, r-patched-linux-x86_64, r-release-linux-x86_64, r-release-macos-arm64, r-release-macos-x86_64, r-release-windows-x86_64