CRAN Package Check Results for Package instaR

Last updated on 2025-10-25 05:50:05 CEST.

Flavor Version Tinstall Tcheck Ttotal Status Flags
r-devel-linux-x86_64-debian-clang 0.2.4 2.55 23.77 26.32 NOTE
r-devel-linux-x86_64-debian-gcc 0.2.4 1.95 19.36 21.31 NOTE
r-devel-linux-x86_64-fedora-clang 0.2.4 39.11 OK
r-devel-linux-x86_64-fedora-gcc 0.2.4 35.78 OK
r-devel-windows-x86_64 0.2.4 3.00 44.00 47.00 OK
r-patched-linux-x86_64 0.2.4 2.41 22.36 24.77 OK
r-release-linux-x86_64 0.2.4 2.43 22.43 24.86 OK
r-release-macos-arm64 0.2.4 1.00 17.00 18.00 OK
r-release-macos-x86_64 0.2.4 2.00 26.00 28.00 OK
r-release-windows-x86_64 0.2.4 4.00 44.00 48.00 OK
r-oldrel-macos-arm64 0.2.4 1.00 15.00 16.00 OK
r-oldrel-macos-x86_64 0.2.4 2.00 21.00 23.00 OK
r-oldrel-windows-x86_64 0.2.4 5.00 47.00 52.00 OK

Check Details

Version: 0.2.4
Check: CRAN incoming feasibility
Result: NOTE Maintainer: ‘Pablo Barbera <pbarbera@usc.edu>’ No Authors@R field in DESCRIPTION. Please add one, modifying Authors@R: c(person(given = "Pablo", family = "Barbera", role = c("aut", "cre"), email = "pbarbera@usc.edu"), person(given = "Tiago", family = "Dantas", role = "ctb"), person(given = "Jonne", family = "Guyt", role = "ctb")) as necessary. Flavors: r-devel-linux-x86_64-debian-clang, r-devel-linux-x86_64-debian-gcc