CRAN Package Check Results for Package infraFDTD.assist

Last updated on 2025-10-27 13:50:05 CET.

Flavor Version Tinstall Tcheck Ttotal Status Flags
r-devel-linux-x86_64-debian-clang 0.6 2.24 22.31 24.55 NOTE
r-devel-linux-x86_64-debian-gcc 0.6 1.69 17.73 19.42 NOTE
r-devel-linux-x86_64-fedora-clang 0.6 39.45 NOTE
r-devel-linux-x86_64-fedora-gcc 0.6 35.99 NOTE
r-devel-windows-x86_64 0.6 3.00 40.00 43.00 OK
r-patched-linux-x86_64 0.6 2.12 20.86 22.98 NOTE
r-release-linux-x86_64 0.6 1.95 21.16 23.11 NOTE
r-release-macos-arm64 0.6 1.00 16.00 17.00 OK
r-release-macos-x86_64 0.6 2.00 22.00 24.00 OK
r-release-windows-x86_64 0.6 4.00 42.00 46.00 OK
r-oldrel-macos-arm64 0.6 1.00 14.00 15.00 OK
r-oldrel-macos-x86_64 0.6 2.00 19.00 21.00 OK
r-oldrel-windows-x86_64 0.6 5.00 44.00 49.00 OK

Check Details

Version: 0.6
Check: CRAN incoming feasibility
Result: NOTE Maintainer: ‘Jake Anderson <ajakef@gmail.com>’ No Authors@R field in DESCRIPTION. Please add one, modifying Authors@R: person(given = "Jake", family = "Anderson", role = c("aut", "cre"), email = "ajakef@gmail.com") as necessary. Flavors: r-devel-linux-x86_64-debian-clang, r-devel-linux-x86_64-debian-gcc

Version: 0.6
Check: for non-standard things in the check directory
Result: NOTE Found the following files/directories: ‘c.txt’ ‘rho.txt’ ‘sta.txt’ ‘topo.txt’ Flavors: r-devel-linux-x86_64-debian-clang, r-devel-linux-x86_64-debian-gcc, r-devel-linux-x86_64-fedora-clang, r-devel-linux-x86_64-fedora-gcc, r-patched-linux-x86_64, r-release-linux-x86_64