Last updated on 2025-07-08 09:50:01 CEST.
Flavor | Version | Tinstall | Tcheck | Ttotal | Status | Flags |
---|---|---|---|---|---|---|
r-devel-linux-x86_64-debian-clang | 1.1.7 | 212.83 | 122.65 | 335.48 | OK | |
r-devel-linux-x86_64-debian-gcc | 1.1.7 | 157.39 | 84.13 | 241.52 | OK | |
r-devel-linux-x86_64-fedora-clang | 1.1.7 | 591.51 | OK | |||
r-devel-linux-x86_64-fedora-gcc | 1.1.7 | 568.83 | OK | |||
r-devel-windows-x86_64 | 1.1.7 | 222.00 | 167.00 | 389.00 | OK | |
r-patched-linux-x86_64 | 1.1.7 | 213.15 | 114.18 | 327.33 | OK | |
r-release-linux-x86_64 | 1.1.7 | 197.99 | 114.31 | 312.30 | OK | |
r-release-macos-arm64 | 1.1.7 | 140.00 | OK | |||
r-release-macos-x86_64 | 1.1.7 | 163.00 | OK | |||
r-release-windows-x86_64 | 1.1.7 | 232.00 | 164.00 | 396.00 | OK | |
r-oldrel-macos-arm64 | 1.1.7 | 125.00 | NOTE | |||
r-oldrel-macos-x86_64 | 1.1.7 | 160.00 | NOTE | |||
r-oldrel-windows-x86_64 | 1.1.7 | 296.00 | 209.00 | 505.00 | OK |
Version: 1.1.7
Check: installed package size
Result: NOTE
installed size is 14.6Mb
sub-directories of 1Mb or more:
libs 13.2Mb
Flavors: r-oldrel-macos-arm64, r-oldrel-macos-x86_64