Last updated on 2025-11-26 17:49:56 CET.
| Flavor | Version | Tinstall | Tcheck | Ttotal | Status | Flags |
|---|---|---|---|---|---|---|
| r-devel-linux-x86_64-debian-clang | 0.0.1 | 7.35 | 58.21 | 65.56 | NOTE | |
| r-devel-linux-x86_64-debian-gcc | 0.0.1 | 5.14 | 44.64 | 49.78 | NOTE | |
| r-devel-linux-x86_64-fedora-clang | 0.0.1 | 18.00 | 81.31 | 99.31 | OK | |
| r-devel-linux-x86_64-fedora-gcc | 0.0.1 | 14.00 | 75.57 | 89.57 | OK | |
| r-devel-windows-x86_64 | 0.0.1 | 10.00 | 70.00 | 80.00 | OK | |
| r-patched-linux-x86_64 | 0.0.1 | 6.24 | 55.02 | 61.26 | OK | |
| r-release-linux-x86_64 | 0.0.1 | 6.87 | 54.90 | 61.77 | OK | |
| r-release-macos-arm64 | 0.0.1 | OK | ||||
| r-release-macos-x86_64 | 0.0.1 | 6.00 | 50.00 | 56.00 | OK | |
| r-release-windows-x86_64 | 0.0.1 | 8.00 | 69.00 | 77.00 | OK | |
| r-oldrel-macos-arm64 | 0.0.1 | OK | ||||
| r-oldrel-macos-x86_64 | 0.0.1 | 5.00 | 39.00 | 44.00 | OK | |
| r-oldrel-windows-x86_64 | 0.0.1 | 10.00 | 85.00 | 95.00 | OK |
Version: 0.0.1
Check: CRAN incoming feasibility
Result: NOTE
Maintainer: ‘Jared Huling <jaredhuling@gmail.com>’
The Description field contains
proposed in Huling, Greifer, and Chen (2021) <arxiv:2107.07086>.
Please refer to arXiv e-prints via their arXiv DOI <doi:10.48550/arXiv.YYMM.NNNNN>.
Flavors: r-devel-linux-x86_64-debian-clang, r-devel-linux-x86_64-debian-gcc