Last updated on 2025-10-26 09:49:58 CET.
| Flavor | Version | Tinstall | Tcheck | Ttotal | Status | Flags |
|---|---|---|---|---|---|---|
| r-devel-linux-x86_64-debian-clang | 1.0.10 | 16.64 | 91.74 | 108.38 | NOTE | |
| r-devel-linux-x86_64-debian-gcc | 1.0.10 | 12.93 | 62.74 | 75.67 | NOTE | |
| r-devel-linux-x86_64-fedora-clang | 1.0.10 | 55.00 | 125.75 | 180.75 | OK | |
| r-devel-linux-x86_64-fedora-gcc | 1.0.10 | 42.00 | 119.12 | 161.12 | OK | |
| r-devel-windows-x86_64 | 1.0.10 | 22.00 | 109.00 | 131.00 | OK | |
| r-patched-linux-x86_64 | 1.0.10 | 17.68 | 88.82 | 106.50 | OK | |
| r-release-linux-x86_64 | 1.0.10 | 17.49 | 90.14 | 107.63 | OK | |
| r-release-macos-arm64 | 1.0.10 | 9.00 | 38.00 | 47.00 | OK | |
| r-release-macos-x86_64 | 1.0.10 | 14.00 | 64.00 | 78.00 | OK | |
| r-release-windows-x86_64 | 1.0.10 | 23.00 | 109.00 | 132.00 | OK | |
| r-oldrel-macos-arm64 | 1.0.10 | 9.00 | 34.00 | 43.00 | OK | |
| r-oldrel-macos-x86_64 | 1.0.10 | 12.00 | 55.00 | 67.00 | OK | |
| r-oldrel-windows-x86_64 | 1.0.10 | 29.00 | 148.00 | 177.00 | OK |
Version: 1.0.10
Check: CRAN incoming feasibility
Result: NOTE
Maintainer: ‘Utkarsh J. Dang <utkarshdang@cunet.carleton.ca>’
No Authors@R field in DESCRIPTION.
Please add one, modifying
Authors@R: c(person(given = c("Utkarsh", "J."),
family = "Dang",
role = c("aut", "cre"),
email = "utkarshdang@cunet.carleton.ca"),
person(given = c("G.", "Brian"),
family = "Golding",
role = "aut"))
as necessary.
Flavors: r-devel-linux-x86_64-debian-clang, r-devel-linux-x86_64-debian-gcc