Last updated on 2025-10-26 09:49:59 CET.
| Flavor | Version | Tinstall | Tcheck | Ttotal | Status | Flags | 
|---|---|---|---|---|---|---|
| r-devel-linux-x86_64-debian-clang | 1.2 | 3.38 | 29.78 | 33.16 | NOTE | |
| r-devel-linux-x86_64-debian-gcc | 1.2 | 2.21 | 21.93 | 24.14 | NOTE | |
| r-devel-linux-x86_64-fedora-clang | 1.2 | 49.45 | OK | |||
| r-devel-linux-x86_64-fedora-gcc | 1.2 | 46.35 | OK | |||
| r-devel-windows-x86_64 | 1.2 | 4.00 | 42.00 | 46.00 | OK | |
| r-patched-linux-x86_64 | 1.2 | 3.12 | 27.70 | 30.82 | OK | |
| r-release-linux-x86_64 | 1.2 | 3.44 | 28.11 | 31.55 | OK | |
| r-release-macos-arm64 | 1.2 | 1.00 | 17.00 | 18.00 | OK | |
| r-release-macos-x86_64 | 1.2 | 3.00 | 26.00 | 29.00 | OK | |
| r-release-windows-x86_64 | 1.2 | 5.00 | 46.00 | 51.00 | OK | |
| r-oldrel-macos-arm64 | 1.2 | 1.00 | 15.00 | 16.00 | OK | |
| r-oldrel-macos-x86_64 | 1.2 | 2.00 | 27.00 | 29.00 | OK | |
| r-oldrel-windows-x86_64 | 1.2 | 4.00 | 42.00 | 46.00 | OK | 
Version: 1.2
Check: CRAN incoming feasibility
Result: NOTE
  Maintainer: ‘Jelena Kovacic <jkovacic@imi.hr>’
  
  No Authors@R field in DESCRIPTION.
  Please add one, modifying
    Authors@R: person(given = "Jelena",
                      family = "Kovacic",
                      role = c("aut", "cre"),
                      email = "jkovacic@imi.hr")
  as necessary.
Flavors: r-devel-linux-x86_64-debian-clang, r-devel-linux-x86_64-debian-gcc