Last updated on 2025-10-25 09:49:32 CEST.
| Flavor | Version | Tinstall | Tcheck | Ttotal | Status | Flags |
|---|---|---|---|---|---|---|
| r-devel-linux-x86_64-debian-clang | 0.7-0.1 | 8.74 | 137.71 | 146.45 | NOTE | |
| r-devel-linux-x86_64-debian-gcc | 0.7-0.1 | 6.92 | 100.30 | 107.22 | NOTE | |
| r-devel-linux-x86_64-fedora-clang | 0.7-0.1 | 23.00 | 195.87 | 218.87 | OK | |
| r-devel-linux-x86_64-fedora-gcc | 0.7-0.1 | 72.00 | 173.14 | 245.14 | NOTE | |
| r-devel-windows-x86_64 | 0.7-0.1 | 11.00 | 307.00 | 318.00 | OK | |
| r-patched-linux-x86_64 | 0.7-0.1 | 11.52 | 132.70 | 144.22 | OK | |
| r-release-linux-x86_64 | 0.7-0.1 | 8.47 | 134.49 | 142.96 | OK | |
| r-release-macos-arm64 | 0.7-0.1 | 4.00 | 85.00 | 89.00 | OK | |
| r-release-macos-x86_64 | 0.7-0.1 | 8.00 | 144.00 | 152.00 | OK | |
| r-release-windows-x86_64 | 0.7-0.1 | 11.00 | 307.00 | 318.00 | OK | |
| r-oldrel-macos-arm64 | 0.7-0.1 | 4.00 | 89.00 | 93.00 | OK | |
| r-oldrel-macos-x86_64 | 0.7-0.1 | 17.00 | 145.00 | 162.00 | OK | |
| r-oldrel-windows-x86_64 | 0.7-0.1 | 14.00 | 310.00 | 324.00 | OK |
Version: 0.7-0.1
Check: Rd files
Result: NOTE
checkRd: (-1) hydroTSM-package.Rd:35-43: Only 2 columns allowed in this table (row 1 has 1)
checkRd: (-1) hydroTSM-package.Rd:35-43: Only 2 columns allowed in this table (row 2 has 1)
checkRd: (-1) hydroTSM-package.Rd:35-43: Only 2 columns allowed in this table (row 3 has 1)
checkRd: (-1) hydroTSM-package.Rd:35-43: Only 2 columns allowed in this table (row 4 has 1)
checkRd: (-1) hydroTSM-package.Rd:35-43: Only 2 columns allowed in this table (row 5 has 1)
checkRd: (-1) hydroTSM-package.Rd:35-43: Only 2 columns allowed in this table (row 6 has 1)
checkRd: (-1) hydroTSM-package.Rd:35-43: Only 2 columns allowed in this table (row 7 has 1)
checkRd: (-1) hydroTSM-package.Rd:47-65: Only 2 columns allowed in this table (row 1 has 1)
checkRd: (-1) hydroTSM-package.Rd:47-65: Only 2 columns allowed in this table (row 2 has 1)
checkRd: (-1) hydroTSM-package.Rd:47-65: Only 2 columns allowed in this table (row 3 has 1)
checkRd: (-1) hydroTSM-package.Rd:47-65: Only 2 columns allowed in this table (row 4 has 1)
checkRd: (-1) hydroTSM-package.Rd:47-65: Only 2 columns allowed in this table (row 5 has 1)
checkRd: (-1) hydroTSM-package.Rd:47-65: Only 2 columns allowed in this table (row 6 has 1)
checkRd: (-1) hydroTSM-package.Rd:47-65: Only 2 columns allowed in this table (row 7 has 1)
checkRd: (-1) hydroTSM-package.Rd:47-65: Only 2 columns allowed in this table (row 8 has 1)
checkRd: (-1) hydroTSM-package.Rd:47-65: Only 2 columns allowed in this table (row 9 has 1)
checkRd: (-1) hydroTSM-package.Rd:47-65: Only 2 columns allowed in this table (row 10 has 1)
checkRd: (-1) hydroTSM-package.Rd:47-65: Only 2 columns allowed in this table (row 11 has 1)
checkRd: (-1) hydroTSM-package.Rd:47-65: Only 2 columns allowed in this table (row 12 has 1)
checkRd: (-1) hydroTSM-package.Rd:47-65: Only 2 columns allowed in this table (row 13 has 1)
checkRd: (-1) hydroTSM-package.Rd:47-65: Only 2 columns allowed in this table (row 14 has 1)
checkRd: (-1) hydroTSM-package.Rd:47-65: Only 2 columns allowed in this table (row 15 has 1)
checkRd: (-1) hydroTSM-package.Rd:47-65: Only 2 columns allowed in this table (row 16 has 1)
checkRd: (-1) hydroTSM-package.Rd:47-65: Only 2 columns allowed in this table (row 17 has 1)
checkRd: (-1) hydroTSM-package.Rd:69-79: Only 2 columns allowed in this table (row 1 has 1)
checkRd: (-1) hydroTSM-package.Rd:69-79: Only 2 columns allowed in this table (row 2 has 1)
checkRd: (-1) hydroTSM-package.Rd:69-79: Only 2 columns allowed in this table (row 3 has 1)
checkRd: (-1) hydroTSM-package.Rd:69-79: Only 2 columns allowed in this table (row 4 has 1)
checkRd: (-1) hydroTSM-package.Rd:69-79: Only 2 columns allowed in this table (row 5 has 1)
checkRd: (-1) hydroTSM-package.Rd:69-79: Only 2 columns allowed in this table (row 6 has 1)
checkRd: (-1) hydroTSM-package.Rd:69-79: Only 2 columns allowed in this table (row 7 has 1)
checkRd: (-1) hydroTSM-package.Rd:69-79: Only 2 columns allowed in this table (row 8 has 1)
checkRd: (-1) hydroTSM-package.Rd:69-79: Only 2 columns allowed in this table (row 9 has 1)
checkRd: (-1) hydroTSM-package.Rd:83-96: Only 2 columns allowed in this table (row 1 has 1)
checkRd: (-1) hydroTSM-package.Rd:83-96: Only 2 columns allowed in this table (row 2 has 1)
checkRd: (-1) hydroTSM-package.Rd:83-96: Only 2 columns allowed in this table (row 3 has 1)
checkRd: (-1) hydroTSM-package.Rd:83-96: Only 2 columns allowed in this table (row 4 has 1)
checkRd: (-1) hydroTSM-package.Rd:83-96: Only 2 columns allowed in this table (row 5 has 1)
checkRd: (-1) hydroTSM-package.Rd:83-96: Only 2 columns allowed in this table (row 6 has 1)
checkRd: (-1) hydroTSM-package.Rd:83-96: Only 2 columns allowed in this table (row 7 has 1)
checkRd: (-1) hydroTSM-package.Rd:83-96: Only 2 columns allowed in this table (row 8 has 1)
checkRd: (-1) hydroTSM-package.Rd:83-96: Only 2 columns allowed in this table (row 9 has 1)
checkRd: (-1) hydroTSM-package.Rd:83-96: Only 2 columns allowed in this table (row 10 has 1)
checkRd: (-1) hydroTSM-package.Rd:83-96: Only 2 columns allowed in this table (row 11 has 1)
checkRd: (-1) hydroTSM-package.Rd:83-96: Only 2 columns allowed in this table (row 12 has 1)
checkRd: (-1) hydroTSM-package.Rd:100-116: Only 2 columns allowed in this table (row 1 has 1)
checkRd: (-1) hydroTSM-package.Rd:100-116: Only 2 columns allowed in this table (row 2 has 1)
checkRd: (-1) hydroTSM-package.Rd:100-116: Only 2 columns allowed in this table (row 3 has 1)
checkRd: (-1) hydroTSM-package.Rd:100-116: Only 2 columns allowed in this table (row 4 has 1)
checkRd: (-1) hydroTSM-package.Rd:100-116: Only 2 columns allowed in this table (row 5 has 1)
checkRd: (-1) hydroTSM-package.Rd:100-116: Only 2 columns allowed in this table (row 6 has 1)
checkRd: (-1) hydroTSM-package.Rd:100-116: Only 2 columns allowed in this table (row 7 has 1)
checkRd: (-1) hydroTSM-package.Rd:100-116: Only 2 columns allowed in this table (row 8 has 1)
checkRd: (-1) hydroTSM-package.Rd:100-116: Only 2 columns allowed in this table (row 9 has 1)
checkRd: (-1) hydroTSM-package.Rd:100-116: Only 2 columns allowed in this table (row 10 has 1)
checkRd: (-1) hydroTSM-package.Rd:100-116: Only 2 columns allowed in this table (row 11 has 1)
checkRd: (-1) hydroTSM-package.Rd:100-116: Only 2 columns allowed in this table (row 12 has 1)
checkRd: (-1) hydroTSM-package.Rd:100-116: Only 2 columns allowed in this table (row 13 has 1)
checkRd: (-1) hydroTSM-package.Rd:100-116: Only 2 columns allowed in this table (row 14 has 1)
checkRd: (-1) hydroTSM-package.Rd:100-116: Only 2 columns allowed in this table (row 15 has 1)
Flavors: r-devel-linux-x86_64-debian-clang, r-devel-linux-x86_64-debian-gcc, r-devel-linux-x86_64-fedora-gcc