Last updated on 2025-10-26 01:49:52 CEST.
| Flavor | Version | Tinstall | Tcheck | Ttotal | Status | Flags |
|---|---|---|---|---|---|---|
| r-devel-linux-x86_64-debian-clang | 0.3.2 | 1.67 | 22.30 | 23.97 | NOTE | |
| r-devel-linux-x86_64-debian-gcc | 0.3.2 | 1.22 | 18.53 | 19.75 | NOTE | |
| r-devel-linux-x86_64-fedora-clang | 0.3.2 | 38.60 | OK | |||
| r-devel-linux-x86_64-fedora-gcc | 0.3.2 | 48.10 | OK | |||
| r-devel-windows-x86_64 | 0.3.2 | 3.00 | 42.00 | 45.00 | OK | |
| r-patched-linux-x86_64 | 0.3.2 | 1.63 | 21.88 | 23.51 | OK | |
| r-release-linux-x86_64 | 0.3.2 | 1.60 | 21.47 | 23.07 | OK | |
| r-release-macos-arm64 | 0.3.2 | 1.00 | 30.00 | 31.00 | OK | |
| r-release-macos-x86_64 | 0.3.2 | 1.00 | 34.00 | 35.00 | OK | |
| r-release-windows-x86_64 | 0.3.2 | 3.00 | 43.00 | 46.00 | OK | |
| r-oldrel-macos-arm64 | 0.3.2 | 1.00 | 22.00 | 23.00 | OK | |
| r-oldrel-macos-x86_64 | 0.3.2 | 2.00 | 30.00 | 32.00 | OK | |
| r-oldrel-windows-x86_64 | 0.3.2 | 3.00 | 48.00 | 51.00 | OK |
Version: 0.3.2
Check: CRAN incoming feasibility
Result: NOTE
Maintainer: ‘Matthew Cserhati <csmatyi@protonmail.com>’
No Authors@R field in DESCRIPTION.
Please add one, modifying
Authors@R: person(given = "Matthew",
family = "Cserhati",
role = c("aut", "cre"),
email = "csmatyi@protonmail.com")
as necessary.
Flavors: r-devel-linux-x86_64-debian-clang, r-devel-linux-x86_64-debian-gcc