Last updated on 2025-07-10 01:50:46 CEST.
Flavor | Version | Tinstall | Tcheck | Ttotal | Status | Flags |
---|---|---|---|---|---|---|
r-devel-linux-x86_64-debian-clang | 0.1.5 | 1.60 | 24.53 | 26.13 | NOTE | |
r-devel-linux-x86_64-debian-gcc | 0.1.5 | 1.41 | 20.17 | 21.58 | NOTE | |
r-devel-linux-x86_64-fedora-clang | 0.1.5 | 41.66 | OK | |||
r-devel-linux-x86_64-fedora-gcc | 0.1.5 | 55.71 | OK | |||
r-devel-windows-x86_64 | 0.1.5 | 3.00 | 47.00 | 50.00 | OK | |
r-patched-linux-x86_64 | 0.1.5 | 2.05 | 22.14 | 24.19 | OK | |
r-release-linux-x86_64 | 0.1.5 | 1.64 | 22.11 | 23.75 | OK | |
r-release-macos-arm64 | 0.1.5 | 22.00 | OK | |||
r-release-macos-x86_64 | 0.1.5 | 41.00 | OK | |||
r-release-windows-x86_64 | 0.1.5 | 3.00 | 48.00 | 51.00 | OK | |
r-oldrel-macos-arm64 | 0.1.5 | 23.00 | OK | |||
r-oldrel-macos-x86_64 | 0.1.5 | 38.00 | OK | |||
r-oldrel-windows-x86_64 | 0.1.5 | 5.00 | 51.00 | 56.00 | OK |
Version: 0.1.5
Check: CRAN incoming feasibility
Result: NOTE
Maintainer: ‘Jun Cai <cai-j12@mails.tsinghua.edu.cn>’
Package CITATION file contains call(s) to old-style citEntry(). Please
use bibentry() instead.
Flavors: r-devel-linux-x86_64-debian-clang, r-devel-linux-x86_64-debian-gcc