Last updated on 2025-10-26 17:50:37 CET.
| Flavor | Version | Tinstall | Tcheck | Ttotal | Status | Flags |
|---|---|---|---|---|---|---|
| r-devel-linux-x86_64-debian-clang | 0.0.6 | 1.80 | 41.45 | 43.25 | OK | |
| r-devel-linux-x86_64-debian-gcc | 0.0.6 | 2.16 | 33.38 | 35.54 | OK | |
| r-devel-linux-x86_64-fedora-clang | 0.0.6 | 67.61 | NOTE | |||
| r-devel-linux-x86_64-fedora-gcc | 0.0.6 | 64.62 | NOTE | |||
| r-devel-windows-x86_64 | 0.0.6 | 4.00 | 60.00 | 64.00 | OK | |
| r-patched-linux-x86_64 | 0.0.6 | 2.97 | 43.79 | 46.76 | OK | |
| r-release-linux-x86_64 | 0.0.6 | 2.16 | 43.72 | 45.88 | OK | |
| r-release-macos-arm64 | 0.0.6 | 2.00 | 31.00 | 33.00 | OK | |
| r-release-macos-x86_64 | 0.0.6 | 4.00 | 56.00 | 60.00 | OK | |
| r-release-windows-x86_64 | 0.0.6 | 4.00 | 62.00 | 66.00 | OK | |
| r-oldrel-macos-arm64 | 0.0.6 | 1.00 | 23.00 | 24.00 | NOTE | |
| r-oldrel-macos-x86_64 | 0.0.6 | 2.00 | 35.00 | 37.00 | NOTE | |
| r-oldrel-windows-x86_64 | 0.0.6 | 6.00 | 75.00 | 81.00 | NOTE |
Version: 0.0.6
Check: dependencies in R code
Result: NOTE
Namespace in Imports field not imported from: ‘survival’
All declared Imports should be used.
Flavors: r-devel-linux-x86_64-fedora-clang, r-devel-linux-x86_64-fedora-gcc
Version: 0.0.6
Check: LazyData
Result: NOTE
'LazyData' is specified without a 'data' directory
Flavors: r-oldrel-macos-arm64, r-oldrel-macos-x86_64, r-oldrel-windows-x86_64