Last updated on 2025-10-26 01:49:51 CEST.
| Flavor | Version | Tinstall | Tcheck | Ttotal | Status | Flags |
|---|---|---|---|---|---|---|
| r-devel-linux-x86_64-debian-clang | 0.10 | 27.69 | 246.43 | 274.12 | OK | |
| r-devel-linux-x86_64-debian-gcc | 0.10 | 19.65 | 174.12 | 193.77 | OK | |
| r-devel-linux-x86_64-fedora-clang | 0.10 | 179.00 | 259.51 | 438.51 | NOTE | |
| r-devel-linux-x86_64-fedora-gcc | 0.10 | 134.00 | 306.93 | 440.93 | NOTE | |
| r-devel-windows-x86_64 | 0.10 | 28.00 | 214.00 | 242.00 | OK | |
| r-patched-linux-x86_64 | 0.10 | 30.94 | 233.41 | 264.35 | OK | |
| r-release-linux-x86_64 | 0.10 | 26.38 | 233.65 | 260.03 | OK | |
| r-release-macos-arm64 | 0.10 | 17.00 | 126.00 | 143.00 | OK | |
| r-release-macos-x86_64 | 0.10 | 38.00 | 257.00 | 295.00 | OK | |
| r-release-windows-x86_64 | 0.10 | 28.00 | 220.00 | 248.00 | OK | |
| r-oldrel-macos-arm64 | 0.10 | 13.00 | 117.00 | 130.00 | OK | |
| r-oldrel-macos-x86_64 | 0.10 | 29.00 | 166.00 | 195.00 | OK | |
| r-oldrel-windows-x86_64 | 0.10 | 37.00 | 290.00 | 327.00 | OK |
Version: 0.10
Check: dependencies in R code
Result: NOTE
Namespaces in Imports field not imported from:
‘knitr’ ‘rmarkdown’
All declared Imports should be used.
Flavors: r-devel-linux-x86_64-fedora-clang, r-devel-linux-x86_64-fedora-gcc