Last updated on 2025-10-26 05:49:59 CET.
| Flavor | Version | Tinstall | Tcheck | Ttotal | Status | Flags |
|---|---|---|---|---|---|---|
| r-devel-linux-x86_64-debian-clang | 0.1.3 | 14.36 | 273.44 | 287.80 | NOTE | |
| r-devel-linux-x86_64-debian-gcc | 0.1.3 | 9.94 | 181.40 | 191.34 | NOTE | |
| r-devel-linux-x86_64-fedora-clang | 0.1.3 | 39.00 | 418.84 | 457.84 | OK | |
| r-devel-linux-x86_64-fedora-gcc | 0.1.3 | 31.00 | 398.35 | 429.35 | OK | |
| r-devel-windows-x86_64 | 0.1.3 | 15.00 | 245.00 | 260.00 | OK | |
| r-patched-linux-x86_64 | 0.1.3 | 14.01 | 259.26 | 273.27 | OK | |
| r-release-linux-x86_64 | 0.1.3 | 14.22 | 260.45 | 274.67 | OK | |
| r-release-macos-arm64 | 0.1.3 | 6.00 | 107.00 | 113.00 | OK | |
| r-release-macos-x86_64 | 0.1.3 | 18.00 | 257.00 | 275.00 | OK | |
| r-release-windows-x86_64 | 0.1.3 | 17.00 | 240.00 | 257.00 | OK | |
| r-oldrel-macos-arm64 | 0.1.3 | 5.00 | 99.00 | 104.00 | OK | |
| r-oldrel-macos-x86_64 | 0.1.3 | 18.00 | 209.00 | 227.00 | OK | |
| r-oldrel-windows-x86_64 | 0.1.3 | 22.00 | 349.00 | 371.00 | OK |
Version: 0.1.3
Check: CRAN incoming feasibility
Result: NOTE
Maintainer: ‘Ben Fifield <benfifield@gmail.com>’
The Description field contains
<doi:10.1111/rssb.12124> <arXiv:1412.5000>, and Ding, Feller, and
Miratrix (2018) <doi:10.1080/01621459.2017.1407322> <arXiv:1605.06566>
Please refer to arXiv e-prints via their arXiv DOI <doi:10.48550/arXiv.YYMM.NNNNN>.
Flavors: r-devel-linux-x86_64-debian-clang, r-devel-linux-x86_64-debian-gcc