Last updated on 2025-11-26 13:50:08 CET.
| Flavor | Version | Tinstall | Tcheck | Ttotal | Status | Flags |
|---|---|---|---|---|---|---|
| r-devel-linux-x86_64-debian-clang | 0.3-3 | 2.33 | 27.36 | 29.69 | NOTE | |
| r-devel-linux-x86_64-debian-gcc | 0.3-3 | 1.77 | 22.31 | 24.08 | NOTE | |
| r-devel-linux-x86_64-fedora-clang | 0.3-3 | 43.83 | OK | |||
| r-devel-linux-x86_64-fedora-gcc | 0.3-3 | 41.31 | OK | |||
| r-devel-windows-x86_64 | 0.3-3 | 7.00 | 45.00 | 52.00 | OK | |
| r-patched-linux-x86_64 | 0.3-3 | 2.56 | 25.95 | 28.51 | OK | |
| r-release-linux-x86_64 | 0.3-3 | 2.21 | 25.55 | 27.76 | OK | |
| r-release-macos-arm64 | 0.3-3 | OK | ||||
| r-release-macos-x86_64 | 0.3-3 | 2.00 | 27.00 | 29.00 | OK | |
| r-release-windows-x86_64 | 0.3-3 | 5.00 | 53.00 | 58.00 | OK | |
| r-oldrel-macos-arm64 | 0.3-3 | OK | ||||
| r-oldrel-macos-x86_64 | 0.3-3 | 2.00 | 31.00 | 33.00 | OK | |
| r-oldrel-windows-x86_64 | 0.3-3 | 4.00 | 56.00 | 60.00 | OK |
Version: 0.3-3
Check: CRAN incoming feasibility
Result: NOTE
Maintainer: ‘Julian Taylor <julian.taylor@adelaide.edu.au>’
No Authors@R field in DESCRIPTION.
Please add one, modifying
Authors@R: person(given = "Julian",
family = "Taylor",
role = c("aut", "cre"),
email = "julian.taylor@adelaide.edu.au")
as necessary.
Flavors: r-devel-linux-x86_64-debian-clang, r-devel-linux-x86_64-debian-gcc