CRAN Package Check Results for Package hctrial

Last updated on 2025-10-25 21:49:41 CEST.

Flavor Version Tinstall Tcheck Ttotal Status Flags
r-devel-linux-x86_64-debian-clang 0.1.0 1.91 27.12 29.03 OK
r-devel-linux-x86_64-debian-gcc 0.1.0 1.68 20.07 21.75 OK
r-devel-linux-x86_64-fedora-clang 0.1.0 45.54 OK
r-devel-linux-x86_64-fedora-gcc 0.1.0 40.08 OK
r-devel-windows-x86_64 0.1.0 3.00 44.00 47.00 OK
r-patched-linux-x86_64 0.1.0 1.57 25.77 27.34 OK
r-release-linux-x86_64 0.1.0 1.84 25.21 27.05 OK
r-release-macos-arm64 0.1.0 1.00 17.00 18.00 OK
r-release-macos-x86_64 0.1.0 2.00 26.00 28.00 OK
r-release-windows-x86_64 0.1.0 3.00 45.00 48.00 OK
r-oldrel-macos-arm64 0.1.0 1.00 15.00 16.00 NOTE
r-oldrel-macos-x86_64 0.1.0 2.00 26.00 28.00 NOTE
r-oldrel-windows-x86_64 0.1.0 3.00 50.00 53.00 NOTE

Check Details

Version: 0.1.0
Check: LazyData
Result: NOTE 'LazyData' is specified without a 'data' directory Flavors: r-oldrel-macos-arm64, r-oldrel-macos-x86_64, r-oldrel-windows-x86_64