Last updated on 2025-10-25 17:48:39 CEST.
| Flavor | Version | Tinstall | Tcheck | Ttotal | Status | Flags |
|---|---|---|---|---|---|---|
| r-devel-linux-x86_64-debian-clang | 0.8.5 | 3.88 | 77.71 | 81.59 | OK | |
| r-devel-linux-x86_64-debian-gcc | 0.8.5 | 3.23 | 58.08 | 61.31 | OK | |
| r-devel-linux-x86_64-fedora-clang | 0.8.5 | 18.00 | 110.41 | 128.41 | OK | |
| r-devel-linux-x86_64-fedora-gcc | 0.8.5 | 128.82 | OK | |||
| r-devel-windows-x86_64 | 0.8.5 | 6.00 | 87.00 | 93.00 | OK | |
| r-patched-linux-x86_64 | 0.8.5 | 5.16 | 75.31 | 80.47 | OK | |
| r-release-linux-x86_64 | 0.8.5 | 3.42 | 72.84 | 76.26 | OK | |
| r-release-macos-arm64 | 0.8.5 | 2.00 | 37.00 | 39.00 | OK | |
| r-release-macos-x86_64 | 0.8.5 | 4.00 | 148.00 | 152.00 | OK | |
| r-release-windows-x86_64 | 0.8.5 | 6.00 | 87.00 | 93.00 | OK | |
| r-oldrel-macos-arm64 | 0.8.5 | 2.00 | 38.00 | 40.00 | NOTE | |
| r-oldrel-macos-x86_64 | 0.8.5 | 3.00 | 121.00 | 124.00 | NOTE | |
| r-oldrel-windows-x86_64 | 0.8.5 | 7.00 | 105.00 | 112.00 | NOTE |
Version: 0.8.5
Check: installed package size
Result: NOTE
installed size is 5.9Mb
sub-directories of 1Mb or more:
doc 5.3Mb
Flavors: r-oldrel-macos-arm64, r-oldrel-macos-x86_64, r-oldrel-windows-x86_64