Last updated on 2025-10-25 21:49:41 CEST.
| Flavor | Version | Tinstall | Tcheck | Ttotal | Status | Flags |
|---|---|---|---|---|---|---|
| r-devel-linux-x86_64-debian-clang | 1.2.15 | 33.84 | 107.91 | 141.75 | OK | |
| r-devel-linux-x86_64-debian-gcc | 1.2.15 | 24.22 | 77.44 | 101.66 | OK | |
| r-devel-linux-x86_64-fedora-clang | 1.2.15 | 144.00 | 81.29 | 225.29 | OK | |
| r-devel-linux-x86_64-fedora-gcc | 1.2.15 | 82.00 | 125.11 | 207.11 | OK | |
| r-devel-windows-x86_64 | 1.2.15 | 38.00 | 120.00 | 158.00 | OK | |
| r-patched-linux-x86_64 | 1.2.15 | 34.54 | 103.45 | 137.99 | OK | |
| r-release-linux-x86_64 | 1.2.15 | 35.37 | 101.52 | 136.89 | OK | |
| r-release-macos-arm64 | 1.2.15 | 17.00 | 40.00 | 57.00 | OK | |
| r-release-macos-x86_64 | 1.2.15 | 35.00 | 86.00 | 121.00 | OK | |
| r-release-windows-x86_64 | 1.2.15 | 39.00 | 120.00 | 159.00 | OK | |
| r-oldrel-macos-arm64 | 1.2.15 | 15.00 | 47.00 | 62.00 | NOTE | |
| r-oldrel-macos-x86_64 | 1.2.15 | 33.00 | 85.00 | 118.00 | NOTE | |
| r-oldrel-windows-x86_64 | 1.2.15 | 48.00 | 154.00 | 202.00 | OK |
Version: 1.2.15
Check: installed package size
Result: NOTE
installed size is 9.6Mb
sub-directories of 1Mb or more:
libs 9.3Mb
Flavors: r-oldrel-macos-arm64, r-oldrel-macos-x86_64