Last updated on 2025-07-12 21:50:45 CEST.
Flavor | Version | Tinstall | Tcheck | Ttotal | Status | Flags |
---|---|---|---|---|---|---|
r-devel-linux-x86_64-debian-clang | 2.2.6.3 | 2.67 | 33.60 | 36.27 | NOTE | |
r-devel-linux-x86_64-debian-gcc | 2.2.6.3 | 1.91 | 26.92 | 28.83 | NOTE | |
r-devel-linux-x86_64-fedora-clang | 2.2.6.3 | 53.27 | OK | |||
r-devel-linux-x86_64-fedora-gcc | 2.2.6.3 | 49.81 | OK | |||
r-devel-windows-x86_64 | 2.2.6.3 | 3.00 | 55.00 | 58.00 | OK | |
r-patched-linux-x86_64 | 2.2.6.3 | 2.33 | 31.29 | 33.62 | NOTE | |
r-release-linux-x86_64 | 2.2.6.3 | 2.52 | 31.13 | 33.65 | NOTE | |
r-release-macos-arm64 | 2.2.6.3 | 22.00 | OK | |||
r-release-macos-x86_64 | 2.2.6.3 | 34.00 | OK | |||
r-release-windows-x86_64 | 2.2.6.3 | 5.00 | 56.00 | 61.00 | OK | |
r-oldrel-macos-arm64 | 2.2.6.3 | 25.00 | OK | |||
r-oldrel-macos-x86_64 | 2.2.6.3 | 30.00 | OK | |||
r-oldrel-windows-x86_64 | 2.2.6.3 | 5.00 | 62.00 | 67.00 | OK |
Version: 2.2.6.3
Check: for unstated dependencies in ‘demo’
Result: NOTE
'library' or 'require' call not declared from: ‘rbenchmark’
Flavors: r-devel-linux-x86_64-debian-clang, r-devel-linux-x86_64-debian-gcc, r-patched-linux-x86_64, r-release-linux-x86_64