Last updated on 2025-11-26 09:51:18 CET.
| Flavor | Version | Tinstall | Tcheck | Ttotal | Status | Flags |
|---|---|---|---|---|---|---|
| r-devel-linux-x86_64-debian-clang | 1.3.1 | 0.31 | 3.39 | 3.70 | ERROR | |
| r-devel-linux-x86_64-debian-gcc | 1.3.1 | 0.28 | 2.83 | 3.11 | ERROR | |
| r-devel-linux-x86_64-fedora-clang | 1.3.1 | 3.04 | ERROR | |||
| r-devel-linux-x86_64-fedora-gcc | 1.3.1 | 2.70 | ERROR | |||
| r-devel-windows-x86_64 | 1.3.1 | 13.00 | 106.00 | 119.00 | OK | |
| r-patched-linux-x86_64 | 1.3.1 | 7.59 | 97.96 | 105.55 | OK | |
| r-release-linux-x86_64 | 1.3.1 | 7.24 | 97.52 | 104.76 | OK | |
| r-release-macos-arm64 | 1.3.1 | OK | ||||
| r-release-macos-x86_64 | 1.3.1 | 7.00 | 90.00 | 97.00 | OK | |
| r-release-windows-x86_64 | 1.3.1 | 10.00 | 106.00 | 116.00 | OK | |
| r-oldrel-macos-arm64 | 1.3.1 | OK | ||||
| r-oldrel-macos-x86_64 | 1.3.1 | 7.00 | 84.00 | 91.00 | OK | |
| r-oldrel-windows-x86_64 | 1.3.1 | 12.00 | 130.00 | 142.00 | OK |
Version: 1.3.1
Check: package dependencies
Result: ERROR
Package required but not available: ‘geojsonsf’
See section ‘The DESCRIPTION file’ in the ‘Writing R Extensions’
manual.
Flavors: r-devel-linux-x86_64-debian-clang, r-devel-linux-x86_64-debian-gcc, r-devel-linux-x86_64-fedora-clang, r-devel-linux-x86_64-fedora-gcc