Last updated on 2025-10-25 17:48:38 CEST.
| Flavor | Version | Tinstall | Tcheck | Ttotal | Status | Flags |
|---|---|---|---|---|---|---|
| r-devel-linux-x86_64-debian-clang | 1.0.0 | 1.94 | 24.29 | 26.23 | OK | |
| r-devel-linux-x86_64-debian-gcc | 1.0.0 | 1.41 | 19.46 | 20.87 | OK | |
| r-devel-linux-x86_64-fedora-clang | 1.0.0 | 36.04 | OK | |||
| r-devel-linux-x86_64-fedora-gcc | 1.0.0 | 33.00 | OK | |||
| r-devel-windows-x86_64 | 1.0.0 | 5.00 | 41.00 | 46.00 | OK | |
| r-patched-linux-x86_64 | 1.0.0 | 1.91 | 21.61 | 23.52 | OK | |
| r-release-linux-x86_64 | 1.0.0 | 1.73 | 21.72 | 23.45 | OK | |
| r-release-macos-arm64 | 1.0.0 | 1.00 | 15.00 | 16.00 | OK | |
| r-release-macos-x86_64 | 1.0.0 | 2.00 | 23.00 | 25.00 | OK | |
| r-release-windows-x86_64 | 1.0.0 | 4.00 | 41.00 | 45.00 | OK | |
| r-oldrel-macos-arm64 | 1.0.0 | 1.00 | 15.00 | 16.00 | NOTE | |
| r-oldrel-macos-x86_64 | 1.0.0 | 2.00 | 23.00 | 25.00 | NOTE | |
| r-oldrel-windows-x86_64 | 1.0.0 | 5.00 | 48.00 | 53.00 | NOTE |
Version: 1.0.0
Check: LazyData
Result: NOTE
'LazyData' is specified without a 'data' directory
Flavors: r-oldrel-macos-arm64, r-oldrel-macos-x86_64, r-oldrel-windows-x86_64