Last updated on 2025-10-26 05:49:59 CET.
| Flavor | Version | Tinstall | Tcheck | Ttotal | Status | Flags |
|---|---|---|---|---|---|---|
| r-devel-linux-x86_64-debian-clang | 1.1.1 | 25.34 | 62.04 | 87.38 | OK | |
| r-devel-linux-x86_64-debian-gcc | 1.1.1 | 20.66 | 44.44 | 65.10 | OK | |
| r-devel-linux-x86_64-fedora-clang | 1.1.1 | 69.00 | 82.77 | 151.77 | OK | |
| r-devel-linux-x86_64-fedora-gcc | 1.1.1 | 46.00 | 107.48 | 153.48 | OK | |
| r-devel-windows-x86_64 | 1.1.1 | 34.00 | 96.00 | 130.00 | OK | |
| r-patched-linux-x86_64 | 1.1.1 | 29.45 | 59.73 | 89.18 | OK | |
| r-release-linux-x86_64 | 1.1.1 | 29.19 | 58.13 | 87.32 | OK | |
| r-release-macos-arm64 | 1.1.1 | 13.00 | 39.00 | 52.00 | OK | |
| r-release-macos-x86_64 | 1.1.1 | 20.00 | 71.00 | 91.00 | OK | |
| r-release-windows-x86_64 | 1.1.1 | 35.00 | 102.00 | 137.00 | OK | |
| r-oldrel-macos-arm64 | 1.1.1 | 13.00 | 43.00 | 56.00 | NOTE | |
| r-oldrel-macos-x86_64 | 1.1.1 | 17.00 | 69.00 | 86.00 | NOTE | |
| r-oldrel-windows-x86_64 | 1.1.1 | 42.00 | 118.00 | 160.00 | OK |
Version: 1.1.1
Check: installed package size
Result: NOTE
installed size is 8.2Mb
sub-directories of 1Mb or more:
help 1.9Mb
libs 6.1Mb
Flavors: r-oldrel-macos-arm64, r-oldrel-macos-x86_64