Last updated on 2025-11-26 17:49:55 CET.
| Flavor | Version | Tinstall | Tcheck | Ttotal | Status | Flags |
|---|---|---|---|---|---|---|
| r-devel-linux-x86_64-debian-clang | 0.2.1 | 3.44 | 42.55 | 45.99 | NOTE | |
| r-devel-linux-x86_64-debian-gcc | 0.2.1 | 2.53 | 31.49 | 34.02 | NOTE | |
| r-devel-linux-x86_64-fedora-clang | 0.2.1 | 70.89 | NOTE | |||
| r-devel-linux-x86_64-fedora-gcc | 0.2.1 | 65.32 | NOTE | |||
| r-devel-windows-x86_64 | 0.2.1 | 7.00 | 63.00 | 70.00 | NOTE | |
| r-patched-linux-x86_64 | 0.2.1 | 4.91 | 38.88 | 43.79 | NOTE | |
| r-release-linux-x86_64 | 0.2.1 | 3.09 | 38.96 | 42.05 | NOTE | |
| r-release-macos-arm64 | 0.2.1 | NOTE | ||||
| r-release-macos-x86_64 | 0.2.1 | 4.00 | 37.00 | 41.00 | NOTE | |
| r-release-windows-x86_64 | 0.2.1 | 6.00 | 62.00 | 68.00 | NOTE | |
| r-oldrel-macos-arm64 | 0.2.1 | NOTE | ||||
| r-oldrel-macos-x86_64 | 0.2.1 | 3.00 | 30.00 | 33.00 | NOTE | |
| r-oldrel-windows-x86_64 | 0.2.1 | 5.00 | 78.00 | 83.00 | NOTE |
Version: 0.2.1
Check: CRAN incoming feasibility
Result: NOTE
Maintainer: ‘Andy Wills <andy@willslab.co.uk>’
No Authors@R field in DESCRIPTION.
Please add one, modifying
Authors@R: c(person(given = "Kazunaga",
family = "Matsuki",
role = "aut"),
person(given = "Andy",
family = "Wills",
role = "cre",
email = "andy@willslab.co.uk"))
as necessary.
Flavors: r-devel-linux-x86_64-debian-clang, r-devel-linux-x86_64-debian-gcc
Version: 0.2.1
Check: Rd files
Result: NOTE
checkRd: (-1) qdb.p.correct.Rd:14: Lost braces; missing escapes or markup?
14 | \item{refpts}{a numeric vector used as a reference point to determine the correct side of the \code{qdb} for classifying \code{x}. The \code{length(refpts)} should be equal to {ncol(x)}. Default to \code{colMeans(x)}. }
| ^
Flavors: r-devel-linux-x86_64-debian-clang, r-devel-linux-x86_64-debian-gcc, r-devel-linux-x86_64-fedora-clang, r-devel-linux-x86_64-fedora-gcc, r-devel-windows-x86_64, r-patched-linux-x86_64, r-release-linux-x86_64, r-release-macos-arm64, r-release-macos-x86_64, r-release-windows-x86_64, r-oldrel-macos-arm64, r-oldrel-macos-x86_64, r-oldrel-windows-x86_64