Last updated on 2025-10-26 09:49:57 CET.
| Flavor | Version | Tinstall | Tcheck | Ttotal | Status | Flags | 
|---|---|---|---|---|---|---|
| r-devel-linux-x86_64-debian-clang | 0.4-7 | 1.78 | 26.20 | 27.98 | NOTE | |
| r-devel-linux-x86_64-debian-gcc | 0.4-7 | 1.48 | 21.83 | 23.31 | NOTE | |
| r-devel-linux-x86_64-fedora-clang | 0.4-7 | 42.77 | NOTE | |||
| r-devel-linux-x86_64-fedora-gcc | 0.4-7 | 51.34 | NOTE | |||
| r-devel-windows-x86_64 | 0.4-7 | 3.00 | 55.00 | 58.00 | NOTE | |
| r-patched-linux-x86_64 | 0.4-7 | 1.76 | 25.20 | 26.96 | NOTE | |
| r-release-linux-x86_64 | 0.4-7 | 1.70 | 24.99 | 26.69 | NOTE | |
| r-release-macos-arm64 | 0.4-7 | 1.00 | 23.00 | 24.00 | NOTE | |
| r-release-macos-x86_64 | 0.4-7 | 2.00 | 44.00 | 46.00 | NOTE | |
| r-release-windows-x86_64 | 0.4-7 | 4.00 | 60.00 | 64.00 | NOTE | |
| r-oldrel-macos-arm64 | 0.4-7 | 1.00 | 28.00 | 29.00 | NOTE | |
| r-oldrel-macos-x86_64 | 0.4-7 | 2.00 | 52.00 | 54.00 | NOTE | |
| r-oldrel-windows-x86_64 | 0.4-7 | 3.00 | 60.00 | 63.00 | NOTE | 
Version: 0.4-7
Check: CRAN incoming feasibility
Result: NOTE
  Maintainer: ‘Paul Murrell <paul@stat.auckland.ac.nz>’
  
  No Authors@R field in DESCRIPTION.
  Please add one, modifying
    Authors@R: person(given = "Paul",
                      family = "Murrell",
                      role = c("aut", "cre"),
                      email = "paul@stat.auckland.ac.nz")
  as necessary.
Flavors: r-devel-linux-x86_64-debian-clang, r-devel-linux-x86_64-debian-gcc
Version: 0.4-7
Check: DESCRIPTION meta-information
Result: NOTE
  Malformed Description field: should contain one or more complete sentences.
Flavors: r-devel-linux-x86_64-debian-clang, r-devel-linux-x86_64-debian-gcc, r-devel-linux-x86_64-fedora-clang, r-devel-linux-x86_64-fedora-gcc, r-devel-windows-x86_64, r-patched-linux-x86_64, r-release-linux-x86_64, r-release-macos-arm64, r-release-macos-x86_64, r-release-windows-x86_64, r-oldrel-macos-arm64, r-oldrel-macos-x86_64, r-oldrel-windows-x86_64