Last updated on 2025-10-25 05:50:03 CEST.
| Flavor | Version | Tinstall | Tcheck | Ttotal | Status | Flags |
|---|---|---|---|---|---|---|
| r-devel-linux-x86_64-debian-clang | 3.2.0 | 7.05 | 74.07 | 81.12 | NOTE | |
| r-devel-linux-x86_64-debian-gcc | 3.2.0 | 5.16 | 50.26 | 55.42 | NOTE | |
| r-devel-linux-x86_64-fedora-clang | 3.2.0 | 17.00 | 108.14 | 125.14 | OK | |
| r-devel-linux-x86_64-fedora-gcc | 3.2.0 | 35.00 | 106.65 | 141.65 | NOTE | |
| r-devel-windows-x86_64 | 3.2.0 | 8.00 | 93.00 | 101.00 | OK | |
| r-patched-linux-x86_64 | 3.2.0 | 6.88 | 68.35 | 75.23 | OK | |
| r-release-linux-x86_64 | 3.2.0 | 6.01 | 68.25 | 74.26 | OK | |
| r-release-macos-arm64 | 3.2.0 | 3.00 | 37.00 | 40.00 | OK | |
| r-release-macos-x86_64 | 3.2.0 | 7.00 | 76.00 | 83.00 | OK | |
| r-release-windows-x86_64 | 3.2.0 | 9.00 | 92.00 | 101.00 | OK | |
| r-oldrel-macos-arm64 | 3.2.0 | 3.00 | 37.00 | 40.00 | OK | |
| r-oldrel-macos-x86_64 | 3.2.0 | 5.00 | 90.00 | 95.00 | OK | |
| r-oldrel-windows-x86_64 | 3.2.0 | 10.00 | 110.00 | 120.00 | OK |
Version: 3.2.0
Check: Rd files
Result: NOTE
checkRd: (-1) catch.d.Rd:16-23: Only 2 columns allowed in this table (row 3 has 1)
checkRd: (-1) catch.d.Rd:16-23: Only 2 columns allowed in this table (row 5 has 1)
Flavors: r-devel-linux-x86_64-debian-clang, r-devel-linux-x86_64-debian-gcc, r-devel-linux-x86_64-fedora-gcc