Last updated on 2025-10-26 05:49:58 CET.
| Flavor | Version | Tinstall | Tcheck | Ttotal | Status | Flags |
|---|---|---|---|---|---|---|
| r-devel-linux-x86_64-debian-clang | 0.0.3 | 2.00 | 21.91 | 23.91 | NOTE | |
| r-devel-linux-x86_64-debian-gcc | 0.0.3 | 1.50 | 17.92 | 19.42 | NOTE | |
| r-devel-linux-x86_64-fedora-clang | 0.0.3 | 33.21 | NOTE | |||
| r-devel-linux-x86_64-fedora-gcc | 0.0.3 | 31.24 | NOTE | |||
| r-devel-windows-x86_64 | 0.0.3 | 3.00 | 41.00 | 44.00 | NOTE | |
| r-patched-linux-x86_64 | 0.0.3 | 1.97 | 19.81 | 21.78 | NOTE | |
| r-release-linux-x86_64 | 0.0.3 | 1.95 | 19.86 | 21.81 | NOTE | |
| r-release-macos-arm64 | 0.0.3 | 1.00 | 17.00 | 18.00 | NOTE | |
| r-release-macos-x86_64 | 0.0.3 | 2.00 | 27.00 | 29.00 | NOTE | |
| r-release-windows-x86_64 | 0.0.3 | 4.00 | 42.00 | 46.00 | NOTE | |
| r-oldrel-macos-arm64 | 0.0.3 | 1.00 | 14.00 | 15.00 | OK | |
| r-oldrel-macos-x86_64 | 0.0.3 | 2.00 | 28.00 | 30.00 | OK | |
| r-oldrel-windows-x86_64 | 0.0.3 | 5.00 | 47.00 | 52.00 | OK |
Version: 0.0.3
Check: DESCRIPTION meta-information
Result: NOTE
Missing dependency on R >= 4.1.0 because package code uses the pipe
|> or function shorthand \(...) syntax added in R 4.1.0.
File(s) using such syntax:
‘collections.R’ ‘packages.R’ ‘published.R’ ‘related.R’ ‘utils.R’
Flavors: r-devel-linux-x86_64-debian-clang, r-devel-linux-x86_64-debian-gcc, r-devel-linux-x86_64-fedora-clang, r-devel-linux-x86_64-fedora-gcc, r-devel-windows-x86_64, r-patched-linux-x86_64, r-release-linux-x86_64, r-release-macos-arm64, r-release-macos-x86_64, r-release-windows-x86_64