Last updated on 2025-10-25 05:50:03 CEST.
| Flavor | Version | Tinstall | Tcheck | Ttotal | Status | Flags |
|---|---|---|---|---|---|---|
| r-devel-linux-x86_64-debian-clang | 0.2.0 | 6.23 | 59.77 | 66.00 | OK | |
| r-devel-linux-x86_64-debian-gcc | 0.2.0 | 3.92 | 41.36 | 45.28 | OK | |
| r-devel-linux-x86_64-fedora-clang | 0.2.0 | 14.00 | 78.92 | 92.92 | NOTE | |
| r-devel-linux-x86_64-fedora-gcc | 0.2.0 | 13.00 | 72.20 | 85.20 | NOTE | |
| r-devel-windows-x86_64 | 0.2.0 | 9.00 | 91.00 | 100.00 | OK | |
| r-patched-linux-x86_64 | 0.2.0 | 5.44 | 54.65 | 60.09 | OK | |
| r-release-linux-x86_64 | 0.2.0 | 6.12 | 54.72 | 60.84 | OK | |
| r-release-macos-arm64 | 0.2.0 | 3.00 | 33.00 | 36.00 | OK | |
| r-release-macos-x86_64 | 0.2.0 | 7.00 | 48.00 | 55.00 | OK | |
| r-release-windows-x86_64 | 0.2.0 | 10.00 | 92.00 | 102.00 | OK | |
| r-oldrel-macos-arm64 | 0.2.0 | 3.00 | 26.00 | 29.00 | OK | |
| r-oldrel-macos-x86_64 | 0.2.0 | 5.00 | 46.00 | 51.00 | OK | |
| r-oldrel-windows-x86_64 | 0.2.0 | 11.00 | 105.00 | 116.00 | OK |
Version: 0.2.0
Check: dependencies in R code
Result: NOTE
Namespaces in Imports field not imported from:
‘assertthat’ ‘future’ ‘httr’
All declared Imports should be used.
Flavors: r-devel-linux-x86_64-fedora-clang, r-devel-linux-x86_64-fedora-gcc