Last updated on 2025-11-26 17:49:54 CET.
| Flavor | Version | Tinstall | Tcheck | Ttotal | Status | Flags |
|---|---|---|---|---|---|---|
| r-devel-linux-x86_64-debian-clang | 0.6.1 | 0.31 | 3.34 | 3.65 | ERROR | |
| r-devel-linux-x86_64-debian-gcc | 0.6.1 | 0.28 | 2.74 | 3.02 | ERROR | |
| r-devel-linux-x86_64-fedora-clang | 0.6.1 | 2.72 | ERROR | |||
| r-devel-linux-x86_64-fedora-gcc | 0.6.1 | 13.00 | 93.65 | 106.65 | OK | |
| r-devel-windows-x86_64 | 0.6.1 | 7.00 | 70.00 | 77.00 | OK | |
| r-patched-linux-x86_64 | 0.6.1 | 4.02 | 50.98 | 55.00 | OK | |
| r-release-linux-x86_64 | 0.6.1 | 2.43 | 50.71 | 53.14 | OK | |
| r-release-macos-arm64 | 0.6.1 | OK | ||||
| r-release-macos-x86_64 | 0.6.1 | 3.00 | 76.00 | 79.00 | OK | |
| r-release-windows-x86_64 | 0.6.1 | 6.00 | 70.00 | 76.00 | OK | |
| r-oldrel-macos-arm64 | 0.6.1 | OK | ||||
| r-oldrel-macos-x86_64 | 0.6.1 | 3.00 | 72.00 | 75.00 | OK | |
| r-oldrel-windows-x86_64 | 0.6.1 | 11.00 | 82.00 | 93.00 | OK |
Version: 0.6.1
Check: package dependencies
Result: ERROR
Package required but not available: ‘geojsonsf’
See section ‘The DESCRIPTION file’ in the ‘Writing R Extensions’
manual.
Flavors: r-devel-linux-x86_64-debian-clang, r-devel-linux-x86_64-debian-gcc, r-devel-linux-x86_64-fedora-clang