Last updated on 2025-10-25 17:48:38 CEST.
| Flavor | Version | Tinstall | Tcheck | Ttotal | Status | Flags |
|---|---|---|---|---|---|---|
| r-devel-linux-x86_64-debian-clang | 1.1.2 | 89.09 | 52.47 | 141.56 | OK | |
| r-devel-linux-x86_64-debian-gcc | 1.1.2 | 69.19 | 38.74 | 107.93 | OK | |
| r-devel-linux-x86_64-fedora-clang | 1.1.2 | 256.00 | 30.33 | 286.33 | OK | |
| r-devel-linux-x86_64-fedora-gcc | 1.1.2 | 227.00 | 24.44 | 251.44 | OK | |
| r-devel-windows-x86_64 | 1.1.2 | 162.00 | 93.00 | 255.00 | OK | |
| r-patched-linux-x86_64 | 1.1.2 | 91.41 | 48.06 | 139.47 | OK | |
| r-release-linux-x86_64 | 1.1.2 | 96.79 | 47.62 | 144.41 | OK | |
| r-release-macos-arm64 | 1.1.2 | 36.00 | 24.00 | 60.00 | OK | |
| r-release-macos-x86_64 | 1.1.2 | 26.00 | 45.00 | 71.00 | OK | |
| r-release-windows-x86_64 | 1.1.2 | 174.00 | 95.00 | 269.00 | OK | |
| r-oldrel-macos-arm64 | 1.1.2 | 35.00 | 30.00 | 65.00 | NOTE | |
| r-oldrel-macos-x86_64 | 1.1.2 | 28.00 | 59.00 | 87.00 | NOTE | |
| r-oldrel-windows-x86_64 | 1.1.2 | 188.00 | 121.00 | 309.00 | NOTE |
Version: 1.1.2
Check: installed package size
Result: NOTE
installed size is 7.4Mb
sub-directories of 1Mb or more:
libs 7.1Mb
Flavors: r-oldrel-macos-arm64, r-oldrel-macos-x86_64
Version: 1.1.2
Check: for GNU extensions in Makefiles
Result: NOTE
GNU make is a SystemRequirements.
Flavors: r-oldrel-macos-arm64, r-oldrel-macos-x86_64, r-oldrel-windows-x86_64