Last updated on 2025-10-25 21:49:41 CEST.
| Flavor | Version | Tinstall | Tcheck | Ttotal | Status | Flags |
|---|---|---|---|---|---|---|
| r-devel-linux-x86_64-debian-clang | 1.6.5 | 9.12 | 168.00 | 177.12 | NOTE | |
| r-devel-linux-x86_64-debian-gcc | 1.6.5 | 7.05 | 121.31 | 128.36 | NOTE | |
| r-devel-linux-x86_64-fedora-clang | 1.6.5 | 26.00 | 244.32 | 270.32 | NOTE | |
| r-devel-linux-x86_64-fedora-gcc | 1.6.5 | 23.00 | 239.55 | 262.55 | NOTE | |
| r-devel-windows-x86_64 | 1.6.5 | 12.00 | 158.00 | 170.00 | NOTE | |
| r-patched-linux-x86_64 | 1.6.5 | 10.54 | 159.37 | 169.91 | NOTE | |
| r-release-linux-x86_64 | 1.6.5 | 10.74 | 160.52 | 171.26 | NOTE | |
| r-release-macos-arm64 | 1.6.5 | 4.00 | 65.00 | 69.00 | NOTE | |
| r-release-macos-x86_64 | 1.6.5 | 7.00 | 137.00 | 144.00 | NOTE | |
| r-release-windows-x86_64 | 1.6.5 | 14.00 | 151.00 | 165.00 | NOTE | |
| r-oldrel-macos-arm64 | 1.6.5 | 4.00 | 68.00 | 72.00 | NOTE | |
| r-oldrel-macos-x86_64 | 1.6.5 | 6.00 | 105.00 | 111.00 | NOTE | |
| r-oldrel-windows-x86_64 | 1.6.5 | 17.00 | 200.00 | 217.00 | NOTE |
Version: 1.6.5
Check: CRAN incoming feasibility
Result: NOTE
Maintainer: ‘Athanasia Mo Mowinckel <a.m.mowinckel@psykologi.uio.no>’
Package CITATION file contains call(s) to old-style citEntry(). Please
use bibentry() instead.
Flavors: r-devel-linux-x86_64-debian-clang, r-devel-linux-x86_64-debian-gcc
Version: 1.6.5
Check: package subdirectories
Result: NOTE
Problems with news in ‘NEWS.md’:
Cannot extract version info from the following section titles:
* Changes all data options to .data to decrease possibility of column naming overlap
Flavors: r-devel-linux-x86_64-debian-clang, r-devel-linux-x86_64-debian-gcc, r-devel-linux-x86_64-fedora-clang, r-devel-linux-x86_64-fedora-gcc, r-devel-windows-x86_64, r-patched-linux-x86_64, r-release-linux-x86_64, r-release-macos-arm64, r-release-macos-x86_64, r-release-windows-x86_64, r-oldrel-macos-arm64, r-oldrel-macos-x86_64, r-oldrel-windows-x86_64