Last updated on 2025-10-26 09:49:57 CET.
| Flavor | Version | Tinstall | Tcheck | Ttotal | Status | Flags | 
|---|---|---|---|---|---|---|
| r-devel-linux-x86_64-debian-clang | 0.4.0 | 7.57 | 71.89 | 79.46 | ERROR | |
| r-devel-linux-x86_64-debian-gcc | 0.4.0 | 5.68 | 51.33 | 57.01 | ERROR | |
| r-devel-linux-x86_64-fedora-clang | 0.4.0 | 26.00 | 104.27 | 130.27 | ERROR | |
| r-devel-linux-x86_64-fedora-gcc | 0.4.0 | 15.00 | 97.49 | 112.49 | ERROR | |
| r-devel-windows-x86_64 | 0.4.0 | 9.00 | 78.00 | 87.00 | ERROR | |
| r-patched-linux-x86_64 | 0.4.0 | 7.29 | 68.65 | 75.94 | ERROR | |
| r-release-linux-x86_64 | 0.4.0 | 6.58 | 68.39 | 74.97 | ERROR | |
| r-release-macos-arm64 | 0.4.0 | 4.00 | 33.00 | 37.00 | OK | |
| r-release-macos-x86_64 | 0.4.0 | 6.00 | 50.00 | 56.00 | OK | |
| r-release-windows-x86_64 | 0.4.0 | 9.00 | 82.00 | 91.00 | ERROR | |
| r-oldrel-macos-arm64 | 0.4.0 | 4.00 | 29.00 | 33.00 | OK | |
| r-oldrel-macos-x86_64 | 0.4.0 | 6.00 | 41.00 | 47.00 | OK | |
| r-oldrel-windows-x86_64 | 0.4.0 | 13.00 | 100.00 | 113.00 | ERROR | 
Version: 0.4.0
Check: tests
Result: ERROR
    Running ‘testthat.R’ [2s/2s]
  Running the tests in ‘tests/testthat.R’ failed.
  Complete output:
    > # This file is part of the standard setup for testthat.
    > # It is recommended that you do not modify it.
    > #
    > # Where should you do additional test configuration?
    > # Learn more about the roles of various files in:
    > # * https://r-pkgs.org/testing-design.html#sec-tests-files-overview
    > # * https://testthat.r-lib.org/articles/special-files.html
    > 
    > library(testthat)
    > library(ggparallel)
    Loading required package: ggplot2
    > 
    > test_check("ggparallel")
    [ FAIL 1 | WARN 0 | SKIP 0 | PASS 0 ]
    
    ══ Failed tests ════════════════════════════════════════════════════════════════
    ── Error ('test-ggparallel.R:12:3'): ggparallel works ──────────────────────────
    Error in `UseMethod("ggplot_build")`: no applicable method for 'ggplot_build' applied to an object of class "c('gg', 'ggplot')"
    Backtrace:
        ▆
     1. └─ggplot2::ggplot_build(test_mtcars_plot) at test-ggparallel.R:12:3
    
    [ FAIL 1 | WARN 0 | SKIP 0 | PASS 0 ]
    Error: Test failures
    Execution halted
Flavors: r-devel-linux-x86_64-debian-clang, r-patched-linux-x86_64
Version: 0.4.0
Check: tests
Result: ERROR
    Running ‘testthat.R’ [1s/1s]
  Running the tests in ‘tests/testthat.R’ failed.
  Complete output:
    > # This file is part of the standard setup for testthat.
    > # It is recommended that you do not modify it.
    > #
    > # Where should you do additional test configuration?
    > # Learn more about the roles of various files in:
    > # * https://r-pkgs.org/testing-design.html#sec-tests-files-overview
    > # * https://testthat.r-lib.org/articles/special-files.html
    > 
    > library(testthat)
    > library(ggparallel)
    Loading required package: ggplot2
    > 
    > test_check("ggparallel")
    [ FAIL 1 | WARN 0 | SKIP 0 | PASS 0 ]
    
    ══ Failed tests ════════════════════════════════════════════════════════════════
    ── Error ('test-ggparallel.R:12:3'): ggparallel works ──────────────────────────
    Error in `UseMethod("ggplot_build")`: no applicable method for 'ggplot_build' applied to an object of class "c('gg', 'ggplot')"
    Backtrace:
        ▆
     1. └─ggplot2::ggplot_build(test_mtcars_plot) at test-ggparallel.R:12:3
    
    [ FAIL 1 | WARN 0 | SKIP 0 | PASS 0 ]
    Error: Test failures
    Execution halted
Flavor: r-devel-linux-x86_64-debian-gcc
Version: 0.4.0
Check: tests
Result: ERROR
    Running ‘testthat.R’ [3s/12s]
  Running the tests in ‘tests/testthat.R’ failed.
  Complete output:
    > # This file is part of the standard setup for testthat.
    > # It is recommended that you do not modify it.
    > #
    > # Where should you do additional test configuration?
    > # Learn more about the roles of various files in:
    > # * https://r-pkgs.org/testing-design.html#sec-tests-files-overview
    > # * https://testthat.r-lib.org/articles/special-files.html
    > 
    > library(testthat)
    > library(ggparallel)
    Loading required package: ggplot2
    > 
    > test_check("ggparallel")
    [ FAIL 1 | WARN 0 | SKIP 0 | PASS 0 ]
    
    ══ Failed tests ════════════════════════════════════════════════════════════════
    ── Error ('test-ggparallel.R:12:3'): ggparallel works ──────────────────────────
    Error in `UseMethod("ggplot_build")`: no applicable method for 'ggplot_build' applied to an object of class "c('gg', 'ggplot')"
    Backtrace:
        ▆
     1. └─ggplot2::ggplot_build(test_mtcars_plot) at test-ggparallel.R:12:3
    
    [ FAIL 1 | WARN 0 | SKIP 0 | PASS 0 ]
    Error: Test failures
    Execution halted
Flavor: r-devel-linux-x86_64-fedora-clang
Version: 0.4.0
Check: tests
Result: ERROR
    Running ‘testthat.R’
  Running the tests in ‘tests/testthat.R’ failed.
  Complete output:
    > # This file is part of the standard setup for testthat.
    > # It is recommended that you do not modify it.
    > #
    > # Where should you do additional test configuration?
    > # Learn more about the roles of various files in:
    > # * https://r-pkgs.org/testing-design.html#sec-tests-files-overview
    > # * https://testthat.r-lib.org/articles/special-files.html
    > 
    > library(testthat)
    > library(ggparallel)
    Loading required package: ggplot2
    > 
    > test_check("ggparallel")
    [ FAIL 1 | WARN 0 | SKIP 0 | PASS 0 ]
    
    ══ Failed tests ════════════════════════════════════════════════════════════════
    ── Error ('test-ggparallel.R:12:3'): ggparallel works ──────────────────────────
    Error in `UseMethod("ggplot_build")`: no applicable method for 'ggplot_build' applied to an object of class "c('gg', 'ggplot')"
    Backtrace:
        ▆
     1. └─ggplot2::ggplot_build(test_mtcars_plot) at test-ggparallel.R:12:3
    
    [ FAIL 1 | WARN 0 | SKIP 0 | PASS 0 ]
    Error: Test failures
    Execution halted
Flavor: r-devel-linux-x86_64-fedora-gcc
Version: 0.4.0
Check: tests
Result: ERROR
    Running 'testthat.R' [2s]
  Running the tests in 'tests/testthat.R' failed.
  Complete output:
    > # This file is part of the standard setup for testthat.
    > # It is recommended that you do not modify it.
    > #
    > # Where should you do additional test configuration?
    > # Learn more about the roles of various files in:
    > # * https://r-pkgs.org/testing-design.html#sec-tests-files-overview
    > # * https://testthat.r-lib.org/articles/special-files.html
    > 
    > library(testthat)
    > library(ggparallel)
    Loading required package: ggplot2
    > 
    > test_check("ggparallel")
    [ FAIL 1 | WARN 0 | SKIP 0 | PASS 0 ]
    
    ══ Failed tests ════════════════════════════════════════════════════════════════
    ── Error ('test-ggparallel.R:12:3'): ggparallel works ──────────────────────────
    Error in `UseMethod("ggplot_build")`: no applicable method for 'ggplot_build' applied to an object of class "c('gg', 'ggplot')"
    Backtrace:
        ▆
     1. └─ggplot2::ggplot_build(test_mtcars_plot) at test-ggparallel.R:12:3
    
    [ FAIL 1 | WARN 0 | SKIP 0 | PASS 0 ]
    Error: Test failures
    Execution halted
Flavors: r-devel-windows-x86_64, r-release-windows-x86_64, r-oldrel-windows-x86_64
Version: 0.4.0
Check: tests
Result: ERROR
    Running ‘testthat.R’ [2s/3s]
  Running the tests in ‘tests/testthat.R’ failed.
  Complete output:
    > # This file is part of the standard setup for testthat.
    > # It is recommended that you do not modify it.
    > #
    > # Where should you do additional test configuration?
    > # Learn more about the roles of various files in:
    > # * https://r-pkgs.org/testing-design.html#sec-tests-files-overview
    > # * https://testthat.r-lib.org/articles/special-files.html
    > 
    > library(testthat)
    > library(ggparallel)
    Loading required package: ggplot2
    > 
    > test_check("ggparallel")
    [ FAIL 1 | WARN 0 | SKIP 0 | PASS 0 ]
    
    ══ Failed tests ════════════════════════════════════════════════════════════════
    ── Error ('test-ggparallel.R:12:3'): ggparallel works ──────────────────────────
    Error in `UseMethod("ggplot_build")`: no applicable method for 'ggplot_build' applied to an object of class "c('gg', 'ggplot')"
    Backtrace:
        ▆
     1. └─ggplot2::ggplot_build(test_mtcars_plot) at test-ggparallel.R:12:3
    
    [ FAIL 1 | WARN 0 | SKIP 0 | PASS 0 ]
    Error: Test failures
    Execution halted
Flavor: r-release-linux-x86_64