CRAN Package Check Results for Package ggmice

Last updated on 2025-07-12 21:50:44 CEST.

Flavor Version Tinstall Tcheck Ttotal Status Flags
r-devel-linux-x86_64-debian-clang 0.1.0 2.98 114.62 117.60 NOTE
r-devel-linux-x86_64-debian-gcc 0.1.0 1.84 84.10 85.94 NOTE
r-devel-linux-x86_64-fedora-clang 0.1.0 173.20 OK
r-devel-linux-x86_64-fedora-gcc 0.1.0 175.79 OK
r-devel-windows-x86_64 0.1.0 5.00 118.00 123.00 NOTE
r-patched-linux-x86_64 0.1.0 3.06 109.55 112.61 NOTE
r-release-linux-x86_64 0.1.0 2.87 110.12 112.99 NOTE
r-release-macos-arm64 0.1.0 54.00 OK
r-release-macos-x86_64 0.1.0 96.00 OK
r-release-windows-x86_64 0.1.0 6.00 129.00 135.00 NOTE
r-oldrel-macos-arm64 0.1.0 50.00 OK
r-oldrel-macos-x86_64 0.1.0 83.00 OK
r-oldrel-windows-x86_64 0.1.0 6.00 145.00 151.00 OK

Check Details

Version: 0.1.0
Check: CRAN incoming feasibility
Result: NOTE Maintainer: ‘Hanne Oberman <h.i.oberman@uu.nl>’ The BugReports field in DESCRIPTION has https://github.com/amices/ggmice which should likely be https://github.com/amices/ggmice/issues instead. Flavors: r-devel-linux-x86_64-debian-clang, r-devel-linux-x86_64-debian-gcc

Version: 0.1.0
Check: Rd cross-references
Result: NOTE Found the following Rd file(s) with Rd \link{} targets missing package anchors: theme_mice.Rd: mice, ggplot2 theme_minimice.Rd: mice, ggplot2 Please provide package anchors for all Rd \link{} targets not in the package itself and the base packages. Flavors: r-devel-linux-x86_64-debian-clang, r-devel-linux-x86_64-debian-gcc, r-devel-windows-x86_64, r-patched-linux-x86_64, r-release-linux-x86_64, r-release-windows-x86_64