Last updated on 2025-07-28 09:50:03 CEST.
Flavor | Version | Tinstall | Tcheck | Ttotal | Status | Flags |
---|---|---|---|---|---|---|
r-devel-linux-x86_64-debian-clang | 1.1.2 | 5.03 | 48.56 | 53.59 | OK | |
r-devel-linux-x86_64-debian-gcc | 1.1.2 | 4.09 | 35.25 | 39.34 | OK | |
r-devel-linux-x86_64-fedora-clang | 1.1.2 | 78.10 | OK | |||
r-devel-linux-x86_64-fedora-gcc | 1.1.2 | 72.19 | OK | |||
r-devel-windows-x86_64 | 1.1.2 | 7.00 | 67.00 | 74.00 | OK | |
r-patched-linux-x86_64 | 1.1.2 | 3.84 | 43.59 | 47.43 | OK | |
r-release-linux-x86_64 | 1.1.2 | 4.98 | 42.86 | 47.84 | OK | |
r-release-macos-arm64 | 1.1.2 | 29.00 | OK | |||
r-release-macos-x86_64 | 1.1.2 | 66.00 | OK | |||
r-release-windows-x86_64 | 1.1.2 | 7.00 | 59.00 | 66.00 | OK | |
r-oldrel-macos-arm64 | 1.1.2 | 25.00 | NOTE | |||
r-oldrel-macos-x86_64 | 1.1.2 | 36.00 | NOTE | |||
r-oldrel-windows-x86_64 | 1.1.2 | 8.00 | 72.00 | 80.00 | NOTE |
Version: 1.1.2
Check: LazyData
Result: NOTE
'LazyData' is specified without a 'data' directory
Flavors: r-oldrel-macos-arm64, r-oldrel-macos-x86_64, r-oldrel-windows-x86_64