Last updated on 2025-10-27 18:50:12 CET.
| Flavor | Version | Tinstall | Tcheck | Ttotal | Status | Flags |
|---|---|---|---|---|---|---|
| r-devel-linux-x86_64-debian-clang | 0.1.1 | 48.02 | 281.30 | 329.32 | OK | |
| r-devel-linux-x86_64-debian-gcc | 0.1.1 | 32.94 | 218.38 | 251.32 | OK | |
| r-devel-linux-x86_64-fedora-clang | 0.1.1 | 208.00 | 323.19 | 531.19 | OK | |
| r-devel-linux-x86_64-fedora-gcc | 0.1.1 | 97.00 | 401.27 | 498.27 | OK | |
| r-devel-windows-x86_64 | 0.1.1 | 47.00 | 264.00 | 311.00 | OK | |
| r-patched-linux-x86_64 | 0.1.1 | 44.12 | 272.64 | 316.76 | OK | |
| r-release-linux-x86_64 | 0.1.1 | 45.10 | 272.13 | 317.23 | OK | |
| r-release-macos-arm64 | 0.1.1 | 27.00 | 104.00 | 131.00 | OK | |
| r-release-macos-x86_64 | 0.1.1 | 63.00 | 218.00 | 281.00 | OK | |
| r-release-windows-x86_64 | 0.1.1 | 50.00 | 266.00 | 316.00 | OK | |
| r-oldrel-macos-arm64 | 0.1.1 | 24.00 | 110.00 | 134.00 | NOTE | |
| r-oldrel-macos-x86_64 | 0.1.1 | 69.00 | 229.00 | 298.00 | NOTE | |
| r-oldrel-windows-x86_64 | 0.1.1 | 71.00 | 347.00 | 418.00 | NOTE |
Version: 0.1.1
Check: installed package size
Result: NOTE
installed size is 9.8Mb
sub-directories of 1Mb or more:
R 8.9Mb
Flavors: r-oldrel-macos-arm64, r-oldrel-macos-x86_64, r-oldrel-windows-x86_64