Last updated on 2025-11-26 05:51:37 CET.
| Flavor | Version | Tinstall | Tcheck | Ttotal | Status | Flags |
|---|---|---|---|---|---|---|
| r-devel-linux-x86_64-debian-clang | 0.6.2 | 4.90 | 58.65 | 63.55 | NOTE | |
| r-devel-linux-x86_64-debian-gcc | 0.6.2 | 3.82 | 43.81 | 47.63 | NOTE | |
| r-devel-linux-x86_64-fedora-clang | 0.6.2 | 21.00 | 78.44 | 99.44 | NOTE | |
| r-devel-linux-x86_64-fedora-gcc | 0.6.2 | 11.00 | 77.55 | 88.55 | NOTE | |
| r-devel-windows-x86_64 | 0.6.2 | 8.00 | 68.00 | 76.00 | NOTE | |
| r-patched-linux-x86_64 | 0.6.2 | 5.28 | 53.38 | 58.66 | NOTE | |
| r-release-linux-x86_64 | 0.6.2 | 3.98 | 53.55 | 57.53 | NOTE | |
| r-release-macos-arm64 | 0.6.2 | NOTE | ||||
| r-release-macos-x86_64 | 0.6.2 | 4.00 | 37.00 | 41.00 | NOTE | |
| r-release-windows-x86_64 | 0.6.2 | 7.00 | 67.00 | 74.00 | NOTE | |
| r-oldrel-macos-arm64 | 0.6.2 | OK | ||||
| r-oldrel-macos-x86_64 | 0.6.2 | 3.00 | 34.00 | 37.00 | OK | |
| r-oldrel-windows-x86_64 | 0.6.2 | 9.00 | 83.00 | 92.00 | OK |
Version: 0.6.2
Check: DESCRIPTION meta-information
Result: NOTE
Missing dependency on R >= 4.1.0 because package code uses the pipe
|> or function shorthand \(...) syntax added in R 4.1.0.
File(s) using such syntax:
‘crime.Rd’ ‘get_SVD.Rd’ ‘ggscreeplot.Rd’ ‘reflect.Rd’
Flavors: r-devel-linux-x86_64-debian-clang, r-devel-linux-x86_64-debian-gcc, r-devel-linux-x86_64-fedora-clang, r-devel-linux-x86_64-fedora-gcc, r-devel-windows-x86_64, r-patched-linux-x86_64, r-release-linux-x86_64, r-release-macos-arm64, r-release-macos-x86_64, r-release-windows-x86_64