Last updated on 2025-07-12 21:50:44 CEST.
Flavor | Version | Tinstall | Tcheck | Ttotal | Status | Flags |
---|---|---|---|---|---|---|
r-devel-linux-x86_64-debian-clang | 0.7.4 | 44.26 | 52.75 | 97.01 | NOTE | |
r-devel-linux-x86_64-debian-gcc | 0.7.4 | 26.13 | 36.93 | 63.06 | NOTE | |
r-devel-linux-x86_64-fedora-clang | 0.7.4 | 137.89 | OK | |||
r-devel-linux-x86_64-fedora-gcc | 0.7.4 | 151.17 | OK | |||
r-devel-windows-x86_64 | 0.7.4 | 48.00 | 76.00 | 124.00 | OK | |
r-patched-linux-x86_64 | 0.7.4 | 40.04 | 49.45 | 89.49 | NOTE | |
r-release-linux-x86_64 | 0.7.4 | 34.90 | 48.53 | 83.43 | NOTE | |
r-release-macos-arm64 | 0.7.4 | 48.00 | OK | |||
r-release-macos-x86_64 | 0.7.4 | 70.00 | OK | |||
r-release-windows-x86_64 | 0.7.4 | 50.00 | 81.00 | 131.00 | OK | |
r-oldrel-macos-arm64 | 0.7.4 | 59.00 | OK | |||
r-oldrel-macos-x86_64 | 0.7.4 | 67.00 | OK | |||
r-oldrel-windows-x86_64 | 0.7.4 | 60.00 | 92.00 | 152.00 | OK |
Version: 0.7.4
Check: for unstated dependencies in ‘demo’
Result: NOTE
'::' or ':::' import not declared from: ‘geoR’
'library' or 'require' call not declared from: ‘geoR’
Flavors: r-devel-linux-x86_64-debian-clang, r-devel-linux-x86_64-debian-gcc, r-release-linux-x86_64
Version: 0.7.4
Check: for unstated dependencies in ‘demo’
Result: NOTE
'::' or ':::' import not declared from: ‘geoR’
'library' or 'require' calls not declared from:
‘geoR’ ‘mcmcplots’
Flavor: r-patched-linux-x86_64