CRAN Package Check Results for Package genridge

Last updated on 2025-11-26 17:49:54 CET.

Flavor Version Tinstall Tcheck Ttotal Status Flags
r-devel-linux-x86_64-debian-clang 0.8.0 4.03 46.30 50.33 NOTE
r-devel-linux-x86_64-debian-gcc 0.8.0 3.52 36.52 40.04 NOTE
r-devel-linux-x86_64-fedora-clang 0.8.0 11.00 65.61 76.61 NOTE
r-devel-linux-x86_64-fedora-gcc 0.8.0 10.00 62.01 72.01 NOTE
r-devel-windows-x86_64 0.8.0 9.00 71.00 80.00 NOTE
r-patched-linux-x86_64 0.8.0 4.74 43.18 47.92 NOTE
r-release-linux-x86_64 0.8.0 4.50 43.32 47.82 NOTE
r-release-macos-arm64 0.8.0 NOTE
r-release-macos-x86_64 0.8.0 4.00 38.00 42.00 NOTE
r-release-windows-x86_64 0.8.0 7.00 68.00 75.00 NOTE
r-oldrel-macos-arm64 0.8.0 OK
r-oldrel-macos-x86_64 0.8.0 4.00 41.00 45.00 OK
r-oldrel-windows-x86_64 0.8.0 9.00 79.00 88.00 OK

Check Details

Version: 0.8.0
Check: DESCRIPTION meta-information
Result: NOTE Missing dependency on R >= 4.1.0 because package code uses the pipe |> or function shorthand \(...) syntax added in R 4.1.0. File(s) using such syntax: ‘plot.precision.Rd’ ‘ridge.R’ Flavors: r-devel-linux-x86_64-debian-clang, r-devel-linux-x86_64-debian-gcc, r-devel-linux-x86_64-fedora-clang, r-devel-linux-x86_64-fedora-gcc, r-devel-windows-x86_64, r-patched-linux-x86_64, r-release-linux-x86_64, r-release-macos-arm64, r-release-windows-x86_64

Version: 0.8.0
Check: DESCRIPTION meta-information
Result: NOTE Missing dependency on R >= 4.1.0 because package code uses the pipe |> or function shorthand \(...) syntax added in R 4.1.0. File(s) using such syntax: ‘ridge.R’ Flavor: r-release-macos-x86_64