Last updated on 2025-10-25 17:48:37 CEST.
| Flavor | Version | Tinstall | Tcheck | Ttotal | Status | Flags |
|---|---|---|---|---|---|---|
| r-devel-linux-x86_64-debian-clang | 1.0-3 | 2.88 | 37.18 | 40.06 | NOTE | |
| r-devel-linux-x86_64-debian-gcc | 1.0-3 | 2.07 | 28.37 | 30.44 | NOTE | |
| r-devel-linux-x86_64-fedora-clang | 1.0-3 | 61.06 | OK | |||
| r-devel-linux-x86_64-fedora-gcc | 1.0-3 | 56.34 | OK | |||
| r-devel-windows-x86_64 | 1.0-3 | 4.00 | 63.00 | 67.00 | OK | |
| r-patched-linux-x86_64 | 1.0-3 | 3.59 | 35.21 | 38.80 | OK | |
| r-release-linux-x86_64 | 1.0-3 | 2.78 | 35.26 | 38.04 | OK | |
| r-release-macos-arm64 | 1.0-3 | 1.00 | 24.00 | 25.00 | OK | |
| r-release-macos-x86_64 | 1.0-3 | 3.00 | 32.00 | 35.00 | OK | |
| r-release-windows-x86_64 | 1.0-3 | 5.00 | 64.00 | 69.00 | OK | |
| r-oldrel-macos-arm64 | 1.0-3 | 1.00 | 17.00 | 18.00 | OK | |
| r-oldrel-macos-x86_64 | 1.0-3 | 3.00 | 26.00 | 29.00 | OK | |
| r-oldrel-windows-x86_64 | 1.0-3 | 4.00 | 74.00 | 78.00 | OK |
Version: 1.0-3
Check: CRAN incoming feasibility
Result: NOTE
Maintainer: ‘Frederick Novomestky <fnovomes@poly.edu>’
No Authors@R field in DESCRIPTION.
Please add one, modifying
Authors@R: person(given = "Frederick",
family = "Novomestky",
role = c("aut", "cre"),
email = "fnovomes@poly.edu")
as necessary.
Flavors: r-devel-linux-x86_64-debian-clang, r-devel-linux-x86_64-debian-gcc