CRAN Package Check Results for Package gamair

Last updated on 2025-10-26 05:49:58 CET.

Flavor Version Tinstall Tcheck Ttotal Status Flags
r-devel-linux-x86_64-debian-clang 1.0-2 1.74 71.13 72.87 NOTE
r-devel-linux-x86_64-debian-gcc 1.0-2 1.31 51.08 52.39 NOTE
r-devel-linux-x86_64-fedora-clang 1.0-2 108.25 OK
r-devel-linux-x86_64-fedora-gcc 1.0-2 106.16 OK
r-devel-windows-x86_64 1.0-2 3.00 105.00 108.00 OK
r-patched-linux-x86_64 1.0-2 2.34 69.64 71.98 OK
r-release-linux-x86_64 1.0-2 1.64 67.15 68.79 OK
r-release-macos-arm64 1.0-2 1.00 41.00 42.00 OK
r-release-macos-x86_64 1.0-2 2.00 109.00 111.00 OK
r-release-windows-x86_64 1.0-2 6.00 108.00 114.00 OK
r-oldrel-macos-arm64 1.0-2 1.00 35.00 36.00 OK
r-oldrel-macos-x86_64 1.0-2 1.00 93.00 94.00 OK
r-oldrel-windows-x86_64 1.0-2 4.00 130.00 134.00 OK

Check Details

Version: 1.0-2
Check: CRAN incoming feasibility
Result: NOTE Maintainer: ‘Simon Wood <simon.wood@r-project.org>’ No Authors@R field in DESCRIPTION. Please add one, modifying Authors@R: person(given = "Simon", family = "Wood", role = c("aut", "cre"), email = "simon.wood@r-project.org") as necessary. Package CITATION file contains call(s) to old-style citEntry(). Please use bibentry() instead. Flavors: r-devel-linux-x86_64-debian-clang, r-devel-linux-x86_64-debian-gcc