Last updated on 2025-10-25 17:48:38 CEST.
| Flavor | Version | Tinstall | Tcheck | Ttotal | Status | Flags |
|---|---|---|---|---|---|---|
| r-devel-linux-x86_64-debian-clang | 0.2.0 | 8.05 | 80.34 | 88.39 | OK | |
| r-devel-linux-x86_64-debian-gcc | 0.2.0 | 6.25 | 59.32 | 65.57 | OK | |
| r-devel-linux-x86_64-fedora-clang | 0.2.0 | 27.00 | 111.74 | 138.74 | NOTE | |
| r-devel-linux-x86_64-fedora-gcc | 0.2.0 | 19.00 | 125.31 | 144.31 | NOTE | |
| r-devel-windows-x86_64 | 0.2.0 | 10.00 | 84.00 | 94.00 | OK | |
| r-patched-linux-x86_64 | 0.2.0 | 8.65 | 76.08 | 84.73 | OK | |
| r-release-linux-x86_64 | 0.2.0 | 8.47 | 77.25 | 85.72 | OK | |
| r-release-macos-arm64 | 0.2.0 | 6.00 | 75.00 | 81.00 | OK | |
| r-release-macos-x86_64 | 0.2.0 | 8.00 | 76.00 | 84.00 | OK | |
| r-release-windows-x86_64 | 0.2.0 | 10.00 | 87.00 | 97.00 | OK | |
| r-oldrel-macos-arm64 | 0.2.0 | 4.00 | 42.00 | 46.00 | OK | |
| r-oldrel-macos-x86_64 | 0.2.0 | 6.00 | 63.00 | 69.00 | OK | |
| r-oldrel-windows-x86_64 | 0.2.0 | 13.00 | 112.00 | 125.00 | OK |
Version: 0.2.0
Check: dependencies in R code
Result: NOTE
Namespaces in Imports field not imported from:
‘MASS’ ‘MCMCpack’ ‘ggplot2’ ‘moments’
All declared Imports should be used.
Flavors: r-devel-linux-x86_64-fedora-clang, r-devel-linux-x86_64-fedora-gcc