Last updated on 2025-11-26 09:51:16 CET.
| Flavor | Version | Tinstall | Tcheck | Ttotal | Status | Flags |
|---|---|---|---|---|---|---|
| r-devel-linux-x86_64-debian-clang | 1.7.2 | 5.17 | 71.47 | 76.64 | NOTE | |
| r-devel-linux-x86_64-debian-gcc | 1.7.2 | 3.74 | 53.82 | 57.56 | NOTE | |
| r-devel-linux-x86_64-fedora-clang | 1.7.2 | 18.00 | 97.68 | 115.68 | OK | |
| r-devel-linux-x86_64-fedora-gcc | 1.7.2 | 121.23 | OK | |||
| r-devel-windows-x86_64 | 1.7.2 | 13.00 | 90.00 | 103.00 | OK | |
| r-patched-linux-x86_64 | 1.7.2 | 5.49 | 67.88 | 73.37 | NOTE | |
| r-release-linux-x86_64 | 1.7.2 | 4.47 | 68.11 | 72.58 | NOTE | |
| r-release-macos-arm64 | 1.7.2 | OK | ||||
| r-release-macos-x86_64 | 1.7.2 | 4.00 | 77.00 | 81.00 | OK | |
| r-release-windows-x86_64 | 1.7.2 | 9.00 | 84.00 | 93.00 | OK | |
| r-oldrel-macos-arm64 | 1.7.2 | NOTE | ||||
| r-oldrel-macos-x86_64 | 1.7.2 | 4.00 | 98.00 | 102.00 | NOTE | |
| r-oldrel-windows-x86_64 | 1.7.2 | 7.00 | 107.00 | 114.00 | NOTE |
Version: 1.7.2
Check: for unstated dependencies in ‘demo’
Result: NOTE
'::' or ':::' import not declared from: ‘here’
'library' or 'require' calls not declared from:
‘dplyr’ ‘here’ ‘scales’ ‘tidyverse’
Flavors: r-devel-linux-x86_64-debian-clang, r-devel-linux-x86_64-debian-gcc, r-patched-linux-x86_64, r-release-linux-x86_64
Version: 1.7.2
Check: installed package size
Result: NOTE
installed size is 6.1Mb
sub-directories of 1Mb or more:
doc 1.1Mb
help 4.6Mb
Flavors: r-oldrel-macos-arm64, r-oldrel-macos-x86_64, r-oldrel-windows-x86_64